{"id":14074,"date":"2016-12-05T01:04:21","date_gmt":"2016-12-05T00:04:21","guid":{"rendered":"https:\/\/gesundheitsberatung.com\/tierheilkunde\/?page_id=14074"},"modified":"2018-11-05T14:31:47","modified_gmt":"2018-11-05T13:31:47","slug":"hausordnung","status":"publish","type":"page","link":"https:\/\/gesundheitsberatung.com\/tierheilkunde\/hausordnung\/","title":{"rendered":"Hausordnung"},"content":{"rendered":"<div id='av-layout-grid-1'  class='av-layout-grid-container av-kf47h6-7ce3cc1943fa25fef60722a161607afc entry-content-wrapper main_color av-fixed-cells  avia-builder-el-0  el_before_av_one_full  avia-builder-el-first  av-small-hide av-mini-hide container_wrap sidebar_right'  >\n\n<style type=\"text\/css\" data-created_by=\"avia_inline_auto\" id=\"style-css-av-5fdtgre-ce2ad09f1e6db1934a36702fa6a41c8e\">\n.flex_cell.av-5fdtgre-ce2ad09f1e6db1934a36702fa6a41c8e{\nvertical-align:bottom;\nheight:200px;\nmin-height:200px;\n}\n.responsive #top #wrap_all .flex_cell.av-5fdtgre-ce2ad09f1e6db1934a36702fa6a41c8e{\npadding:0px 0px 0px 170px !important;\n}\n<\/style>\n<div class='flex_cell av-5fdtgre-ce2ad09f1e6db1934a36702fa6a41c8e av-gridrow-cell av_one_third no_margin  avia-builder-el-1  el_before_av_cell_two_third  avia-builder-el-first '  ><div class='flex_cell_inner'>\n<style type=\"text\/css\" data-created_by=\"avia_inline_auto\" id=\"style-css-av-4uerjdm-5ea6a0c10fbee0786dee535221c11f47\">\n.avia-image-container.av-4uerjdm-5ea6a0c10fbee0786dee535221c11f47 img.avia_image{\nbox-shadow:none;\n}\n.avia-image-container.av-4uerjdm-5ea6a0c10fbee0786dee535221c11f47 .av-image-caption-overlay-center{\ncolor:#ffffff;\n}\n<\/style>\n<div  class='avia-image-container av-4uerjdm-5ea6a0c10fbee0786dee535221c11f47 av-styling- avia_animated_image av-animated-when-visible-95 fade-in avia-align-center  avia-builder-el-2  avia-builder-el-no-sibling '   itemprop=\"image\" itemscope=\"itemscope\" itemtype=\"https:\/\/schema.org\/ImageObject\" ><div class=\"avia-image-container-inner\"><div class=\"avia-image-overlay-wrap\"><img decoding=\"async\" fetchpriority=\"high\" class='wp-image-3109 avia-img-lazy-loading-not-3109 avia_image ' src=\"https:\/\/gesundheitsberatung.com\/tierheilkunde\/wp-content\/uploads\/sites\/5\/tierheilkunde-fallback-slider.png\" alt='Tierheilkunde Seitenslider Klein' title='Tierheilkunde Seitenslider Klein'  height=\"250\" width=\"180\"  itemprop=\"thumbnailUrl\"  \/><\/div><\/div><\/div>\n<\/div><\/div>\n<style type=\"text\/css\" data-created_by=\"avia_inline_auto\" id=\"style-css-av-4i1ylbu-552490345bfb905bfee6f898bf7c3b05\">\n.flex_cell.av-4i1ylbu-552490345bfb905bfee6f898bf7c3b05{\nvertical-align:middle;\nheight:200px;\nmin-height:200px;\n}\n.responsive #top #wrap_all .flex_cell.av-4i1ylbu-552490345bfb905bfee6f898bf7c3b05{\npadding:0px 0px 0px 0px !important;\n}\n<\/style>\n<div class='flex_cell av-4i1ylbu-552490345bfb905bfee6f898bf7c3b05 av-gridrow-cell av_two_third no_margin  avia-builder-el-3  el_after_av_cell_one_third  avia-builder-el-last  av-zero-padding'  ><div class='flex_cell_inner'>\n<style type=\"text\/css\" data-created_by=\"avia_inline_auto\" id=\"style-css-av-dlpbx6-23a7c403555fc6aff5d394bf732deea0\">\n#top .av-rotator-container.av-dlpbx6-23a7c403555fc6aff5d394bf732deea0{\ntext-align:left;\ncolor:#8c682c;\n}\n#top #wrap_all .av-rotator-container.av-dlpbx6-23a7c403555fc6aff5d394bf732deea0 .av-rotator-container-inner{\nfont-size:34px;\n}\n<\/style>\n\n<style type=\"text\/css\" data-created_by=\"avia_inline_auto\" id=\"style-css-sub-av-dlpbx6-23a7c403555fc6aff5d394bf732deea0\">\n#top .av-rotator-container .av-rotator-text-single.av-3d8in6i-8bca38aa9973d59c35d406d3fb5ccaf2{\ncolor:#8c682c;\n}\n#top .av-rotator-container .av-rotator-text-single.av-312i1fe-bb4f378c909768c268dabc15b0e6aa87{\ncolor:#cecece;\n}\n#top .av-rotator-container .av-rotator-text-single.av-2h4czju-7939c2012ca05658e88f40dd6d4c5745{\ncolor:#757575;\n}\n<\/style>\n<div  class='av-rotator-container av-rotation-container-left av-dlpbx6-23a7c403555fc6aff5d394bf732deea0  avia-builder-el-4  avia-builder-el-no-sibling ' data-interval='3' data-animation='0'><p class='av-rotator-container-inner'>VISTANO<span class='av-rotator-text av-rotator-multiline-on'>\n<span class='av-rotator-text-single av-3d8in6i-8bca38aa9973d59c35d406d3fb5ccaf2 av-rotator-text-single-1' >Tierheilkunde<\/span>\n<span class='av-rotator-text-single av-312i1fe-bb4f378c909768c268dabc15b0e6aa87 av-rotator-text-single-2' >jederzeit &amp; \u00fcberall...<\/span>\n<span class='av-rotator-text-single av-2h4czju-7939c2012ca05658e88f40dd6d4c5745 av-rotator-text-single-3' >gut beraten in jeder Beziehung!<\/span>\n<\/span><\/p><\/div>\n<\/div><\/div>\n<\/div><div id='after_grid_row_1'  class='main_color av_default_container_wrap container_wrap sidebar_right'  ><div class='container av-section-cont-open' ><div class='template-page content  av-content-small alpha units'><div class='post-entry post-entry-type-page post-entry-14074'><div class='entry-content-wrapper clearfix'>\n<div  class='flex_column av-22lk996-48eb456b066571b26f5d178605c6288a av_one_full  avia-builder-el-5  el_after_av_layout_row  avia-builder-el-no-sibling  first flex_column_div  '     ><p>\n<style type=\"text\/css\" data-created_by=\"avia_inline_auto\" id=\"style-css-av-av_heading-8673d78b7a8a7b1428eff8cd11a9cce5\">\n#top .av-special-heading.av-av_heading-8673d78b7a8a7b1428eff8cd11a9cce5{\npadding-bottom:0;\n}\nbody .av-special-heading.av-av_heading-8673d78b7a8a7b1428eff8cd11a9cce5 .av-special-heading-tag .heading-char{\nfont-size:25px;\n}\n.av-special-heading.av-av_heading-8673d78b7a8a7b1428eff8cd11a9cce5 .av-subheading{\nfont-size:20px;\n}\n<\/style>\n<div  class='av-special-heading av-av_heading-8673d78b7a8a7b1428eff8cd11a9cce5 av-special-heading-h1 blockquote modern-quote  avia-builder-el-6  el_before_av_hr  avia-builder-el-first '><h1 class='av-special-heading-tag'  itemprop=\"headline\"  >Tierheilkunde &#8211; Unsere Hausordnung<\/h1><div class=\"special-heading-border\"><div class=\"special-heading-inner-border\"><\/div><\/div><\/div><br \/>\n<div  class='hr av-16bzk0q-542b6103157e921bf10932007bedf22e hr-default  avia-builder-el-7  el_after_av_heading  el_before_av_textblock '><span class='hr-inner '><span class=\"hr-inner-style\"><\/span><\/span><\/div><br \/>\n<section  class='av_textblock_section av-mpmvx6-1bc450281787b09dd927f35baa31329b '   itemscope=\"itemscope\" itemtype=\"https:\/\/schema.org\/CreativeWork\" ><div class='avia_textblock'  itemprop=\"text\" ><h3>Benutzername und Angebote<\/h3>\n<p>Bitte vermeide unpassende Benutzernamen, vor allem solche, die sexuelle Obsz\u00f6nit\u00e4ten oder rassistische Anspielungen enthalten k\u00f6nnten. Das Gleiche gilt f\u00fcr Angebote. Achte bitte darauf, dass sich Dein Angebot um den Bereich &#8220;Tierheilkunde&#8221; ansiedelt &#8211; artfremde Angebote, sexuelle Dienstleistungen oder Werbung f\u00fcr Dritte sind bei Vistano nicht zul\u00e4ssig.<\/p>\n<h3>Durchf\u00fchrung von Beratungen<\/h3>\n<p>Berater verpflichten sich, ihre Beratungen nach bestem Wissen und Gewissen durchzuf\u00fchren. Dazu geh\u00f6ren gewisse Regeln und Einschr\u00e4nkungen, die von allen Beratern akzeptiert werden sollten:<\/p>\n<ul>\n<li>Keine Empfehlungen geben, welche einschneidende Folgen im Leben des Ratsuchenden h\u00e4tten, insbesondere Aufforderung zur Trennung von Partnern o.\u00e4.<\/li>\n<li>Keine Sonderzahlungen akzeptieren, selbst wenn Ratsuchende dies anbieten sollten<\/li>\n<li>Das Abwerben von Teilnehmern ist nicht gestattet<\/li>\n<li>Niemals den Ratsuchenden mit allzu negativen Prognosen entlassen. Dies bedeutet nicht, dass Berater die &#8220;Wahrheit&#8221; verschweigen sollen. Es hei\u00dft, dass Berater als Coach des Klienten stets dessen Wohl als oberste Maxime betrachten sollen. Klienten wenden sich im Vertrauen an Berater &#8211; dieses Vertrauen sollte mit hoher Achtung empfangen werden. Auch bei negativen Prognosen sollte der Gesamthintergrund herausgearbeitet werden<\/li>\n<li>Nicht auf Fehlprognosen oder Fehldarstellungen beharren<\/li>\n<\/ul>\n<h3>Nutzung einer Vistano-Mail<\/h3>\n<p>Das \u00dcbermitteln von &#8220;Junk-Mails&#8221;, &#8220;Kettenbriefen&#8221; oder sonstigen ungebetenen Rundschreiben per E-Mail sind im Vistano-Mail-System nicht zul\u00e4ssig Auch\u00a0<i>Hinweise auf eigene oder andere Homepages<\/i>, sowie\u00a0<i>Werbung f\u00fcr portalfremde Dienstleistungen<\/i>\u00a0werden nicht toleriert.<\/p>\n<h3>Missbrauch des Bewertungssystems<\/h3>\n<p>Durch die Bewertung eines Teilnehmers teilst Du anderen Vistano-Mitgliedern Deine Erfahrungen mit. In diesem Zusammenhang ist es Vistano-Teilnehmern untersagt durch die Verwendung eines anderen\/falschen Benutzernamens oder unter Vorgabe einer dritten\/fiktiven Person<\/p>\n<ul>\n<li>sich selbst zu beurteilen<\/li>\n<li>ein vors\u00e4tzlich, negatives Urteil \u00fcber einen Berater zu f\u00e4llen<\/li>\n<\/ul>\n<p>Vistano beh\u00e4lt sich vor, Kommentare, Aussagen und Texte nicht zu ver\u00f6ffentlichen, Rechtschreibfehler zu korrigieren und Falschaussagen anzumahnen.<\/p>\n<h3>Illegale Handlungen<\/h3>\n<p>Es ist allen Vistano-Mitgliedern verboten, sich auf den Vistano-Webseiten an betr\u00fcgerischen oder illegalen Handlungen zu beteiligen oder solche zu unterst\u00fctzen.<\/p>\n<h3>Eigentum\/Copyright der anderen Mitglieder<\/h3>\n<p>Wenn Du das Gef\u00fchl hast, dass Dein Copyright durch andere Vistano-Seiten in irgendeiner Form verletzt worden ist, nehme bitte Kontakt mit uns auf.<\/p>\n<p>Ihr Vistano-Team<\/p>\n<\/div><\/section><\/p><\/div>\n","protected":false},"excerpt":{"rendered":"<p>Die Vistano Hausordnung (Bereich Tierheilkunde). Unsere Verhaltensregeln f\u00fcr alle Teilnehmer, um einen respektvollen Umgang zu gew\u00e4hrleisten.<\/p>\n","protected":false},"author":3,"featured_media":3229,"parent":0,"menu_order":0,"comment_status":"closed","ping_status":"closed","template":"","meta":{"footnotes":""},"class_list":["post-14074","page","type-page","status-publish","has-post-thumbnail","hentry"],"yoast_head":"<!-- This site is optimized with the Yoast SEO plugin v26.0 - https:\/\/yoast.com\/wordpress\/plugins\/seo\/ -->\n<title>Hausordnung &#187; Tierheilkunde<\/title>\n<meta name=\"description\" content=\"Die Vistano Hausordnung (Bereich Tierheilkunde). Unsere Verhaltensregeln f\u00fcr alle Teilnehmer, um einen respektvollen Umgang zu gew\u00e4hrleisten.\" \/>\n<meta name=\"robots\" content=\"index, follow, max-snippet:-1, max-image-preview:large, max-video-preview:-1\" \/>\n<link rel=\"canonical\" href=\"https:\/\/gesundheitsberatung.com\/tierheilkunde\/hausordnung\/\" \/>\n<meta property=\"og:locale\" content=\"de_DE\" \/>\n<meta property=\"og:type\" content=\"article\" \/>\n<meta property=\"og:title\" content=\"Hausordnung &#187; Tierheilkunde\" \/>\n<meta property=\"og:description\" content=\"Die Vistano Hausordnung (Bereich Tierheilkunde). Unsere Verhaltensregeln f\u00fcr alle Teilnehmer, um einen respektvollen Umgang zu gew\u00e4hrleisten.\" \/>\n<meta property=\"og:url\" content=\"https:\/\/gesundheitsberatung.com\/tierheilkunde\/hausordnung\/\" \/>\n<meta property=\"og:site_name\" content=\"Tierheilkunde\" \/>\n<meta property=\"article:publisher\" content=\"https:\/\/www.facebook.com\/tierheilkunde\/\" \/>\n<meta property=\"article:modified_time\" content=\"2018-11-05T13:31:47+00:00\" \/>\n<meta property=\"og:image\" content=\"https:\/\/gesundheitsberatung.com\/tierheilkunde\/wp-content\/uploads\/sites\/5\/service.jpg\" \/>\n\t<meta property=\"og:image:width\" content=\"300\" \/>\n\t<meta property=\"og:image:height\" content=\"300\" \/>\n\t<meta property=\"og:image:type\" content=\"image\/jpeg\" \/>\n<meta name=\"twitter:card\" content=\"summary_large_image\" \/>\n<meta name=\"twitter:site\" content=\"@Vistano\" \/>\n<script type=\"application\/ld+json\" class=\"yoast-schema-graph\">{\"@context\":\"https:\/\/schema.org\",\"@graph\":[{\"@type\":\"WebPage\",\"@id\":\"https:\/\/gesundheitsberatung.com\/tierheilkunde\/hausordnung\/\",\"url\":\"https:\/\/gesundheitsberatung.com\/tierheilkunde\/hausordnung\/\",\"name\":\"Hausordnung &#187; Tierheilkunde\",\"isPartOf\":{\"@id\":\"https:\/\/gesundheitsberatung.com\/tierheilkunde\/#website\"},\"primaryImageOfPage\":{\"@id\":\"https:\/\/gesundheitsberatung.com\/tierheilkunde\/hausordnung\/#primaryimage\"},\"image\":{\"@id\":\"https:\/\/gesundheitsberatung.com\/tierheilkunde\/hausordnung\/#primaryimage\"},\"thumbnailUrl\":\"https:\/\/gesundheitsberatung.com\/tierheilkunde\/wp-content\/uploads\/sites\/5\/service.jpg\",\"datePublished\":\"2016-12-05T00:04:21+00:00\",\"dateModified\":\"2018-11-05T13:31:47+00:00\",\"description\":\"Die Vistano Hausordnung (Bereich Tierheilkunde). Unsere Verhaltensregeln f\u00fcr alle Teilnehmer, um einen respektvollen Umgang zu gew\u00e4hrleisten.\",\"breadcrumb\":{\"@id\":\"https:\/\/gesundheitsberatung.com\/tierheilkunde\/hausordnung\/#breadcrumb\"},\"inLanguage\":\"de\",\"potentialAction\":[{\"@type\":\"ReadAction\",\"target\":[\"https:\/\/gesundheitsberatung.com\/tierheilkunde\/hausordnung\/\"]}]},{\"@type\":\"ImageObject\",\"inLanguage\":\"de\",\"@id\":\"https:\/\/gesundheitsberatung.com\/tierheilkunde\/hausordnung\/#primaryimage\",\"url\":\"https:\/\/gesundheitsberatung.com\/tierheilkunde\/wp-content\/uploads\/sites\/5\/service.jpg\",\"contentUrl\":\"https:\/\/gesundheitsberatung.com\/tierheilkunde\/wp-content\/uploads\/sites\/5\/service.jpg\",\"width\":300,\"height\":300,\"caption\":\"Service\"},{\"@type\":\"BreadcrumbList\",\"@id\":\"https:\/\/gesundheitsberatung.com\/tierheilkunde\/hausordnung\/#breadcrumb\",\"itemListElement\":[{\"@type\":\"ListItem\",\"position\":1,\"name\":\"Home\",\"item\":\"https:\/\/gesundheitsberatung.com\/tierheilkunde\/\"},{\"@type\":\"ListItem\",\"position\":2,\"name\":\"Hausordnung\"}]},{\"@type\":\"WebSite\",\"@id\":\"https:\/\/gesundheitsberatung.com\/tierheilkunde\/#website\",\"url\":\"https:\/\/gesundheitsberatung.com\/tierheilkunde\/\",\"name\":\"Tierheilkunde\",\"description\":\"Tierheilkunde \u260e Beratung f\u00fcr Nutz- &amp; Haustiere! Jetzt Gratis-Beratung sichern: \u2714 Tier\u00e4rzte \u2714 Tier-Heilpraktiker \u2714 Tier-Hom\u00f6opathen \u2714 Tiertrainer \u2714 Verhaltensberater \u2714 Tier-Psychologen bei Vistano Tierheilkunde.\",\"potentialAction\":[{\"@type\":\"SearchAction\",\"target\":{\"@type\":\"EntryPoint\",\"urlTemplate\":\"https:\/\/gesundheitsberatung.com\/tierheilkunde\/?s={search_term_string}\"},\"query-input\":{\"@type\":\"PropertyValueSpecification\",\"valueRequired\":true,\"valueName\":\"search_term_string\"}}],\"inLanguage\":\"de\"}]}<\/script>\n<!-- \/ Yoast SEO plugin. -->","yoast_head_json":{"title":"Hausordnung &#187; Tierheilkunde","description":"Die Vistano Hausordnung (Bereich Tierheilkunde). Unsere Verhaltensregeln f\u00fcr alle Teilnehmer, um einen respektvollen Umgang zu gew\u00e4hrleisten.","robots":{"index":"index","follow":"follow","max-snippet":"max-snippet:-1","max-image-preview":"max-image-preview:large","max-video-preview":"max-video-preview:-1"},"canonical":"https:\/\/gesundheitsberatung.com\/tierheilkunde\/hausordnung\/","og_locale":"de_DE","og_type":"article","og_title":"Hausordnung &#187; Tierheilkunde","og_description":"Die Vistano Hausordnung (Bereich Tierheilkunde). Unsere Verhaltensregeln f\u00fcr alle Teilnehmer, um einen respektvollen Umgang zu gew\u00e4hrleisten.","og_url":"https:\/\/gesundheitsberatung.com\/tierheilkunde\/hausordnung\/","og_site_name":"Tierheilkunde","article_publisher":"https:\/\/www.facebook.com\/tierheilkunde\/","article_modified_time":"2018-11-05T13:31:47+00:00","og_image":[{"width":300,"height":300,"url":"https:\/\/gesundheitsberatung.com\/tierheilkunde\/wp-content\/uploads\/sites\/5\/service.jpg","type":"image\/jpeg"}],"twitter_card":"summary_large_image","twitter_site":"@Vistano","schema":{"@context":"https:\/\/schema.org","@graph":[{"@type":"WebPage","@id":"https:\/\/gesundheitsberatung.com\/tierheilkunde\/hausordnung\/","url":"https:\/\/gesundheitsberatung.com\/tierheilkunde\/hausordnung\/","name":"Hausordnung &#187; Tierheilkunde","isPartOf":{"@id":"https:\/\/gesundheitsberatung.com\/tierheilkunde\/#website"},"primaryImageOfPage":{"@id":"https:\/\/gesundheitsberatung.com\/tierheilkunde\/hausordnung\/#primaryimage"},"image":{"@id":"https:\/\/gesundheitsberatung.com\/tierheilkunde\/hausordnung\/#primaryimage"},"thumbnailUrl":"https:\/\/gesundheitsberatung.com\/tierheilkunde\/wp-content\/uploads\/sites\/5\/service.jpg","datePublished":"2016-12-05T00:04:21+00:00","dateModified":"2018-11-05T13:31:47+00:00","description":"Die Vistano Hausordnung (Bereich Tierheilkunde). Unsere Verhaltensregeln f\u00fcr alle Teilnehmer, um einen respektvollen Umgang zu gew\u00e4hrleisten.","breadcrumb":{"@id":"https:\/\/gesundheitsberatung.com\/tierheilkunde\/hausordnung\/#breadcrumb"},"inLanguage":"de","potentialAction":[{"@type":"ReadAction","target":["https:\/\/gesundheitsberatung.com\/tierheilkunde\/hausordnung\/"]}]},{"@type":"ImageObject","inLanguage":"de","@id":"https:\/\/gesundheitsberatung.com\/tierheilkunde\/hausordnung\/#primaryimage","url":"https:\/\/gesundheitsberatung.com\/tierheilkunde\/wp-content\/uploads\/sites\/5\/service.jpg","contentUrl":"https:\/\/gesundheitsberatung.com\/tierheilkunde\/wp-content\/uploads\/sites\/5\/service.jpg","width":300,"height":300,"caption":"Service"},{"@type":"BreadcrumbList","@id":"https:\/\/gesundheitsberatung.com\/tierheilkunde\/hausordnung\/#breadcrumb","itemListElement":[{"@type":"ListItem","position":1,"name":"Home","item":"https:\/\/gesundheitsberatung.com\/tierheilkunde\/"},{"@type":"ListItem","position":2,"name":"Hausordnung"}]},{"@type":"WebSite","@id":"https:\/\/gesundheitsberatung.com\/tierheilkunde\/#website","url":"https:\/\/gesundheitsberatung.com\/tierheilkunde\/","name":"Tierheilkunde","description":"Tierheilkunde \u260e Beratung f\u00fcr Nutz- &amp; Haustiere! Jetzt Gratis-Beratung sichern: \u2714 Tier\u00e4rzte \u2714 Tier-Heilpraktiker \u2714 Tier-Hom\u00f6opathen \u2714 Tiertrainer \u2714 Verhaltensberater \u2714 Tier-Psychologen bei Vistano Tierheilkunde.","potentialAction":[{"@type":"SearchAction","target":{"@type":"EntryPoint","urlTemplate":"https:\/\/gesundheitsberatung.com\/tierheilkunde\/?s={search_term_string}"},"query-input":{"@type":"PropertyValueSpecification","valueRequired":true,"valueName":"search_term_string"}}],"inLanguage":"de"}]}},"_links":{"self":[{"href":"https:\/\/gesundheitsberatung.com\/tierheilkunde\/wp-json\/wp\/v2\/pages\/14074","targetHints":{"allow":["GET"]}}],"collection":[{"href":"https:\/\/gesundheitsberatung.com\/tierheilkunde\/wp-json\/wp\/v2\/pages"}],"about":[{"href":"https:\/\/gesundheitsberatung.com\/tierheilkunde\/wp-json\/wp\/v2\/types\/page"}],"author":[{"embeddable":true,"href":"https:\/\/gesundheitsberatung.com\/tierheilkunde\/wp-json\/wp\/v2\/users\/3"}],"replies":[{"embeddable":true,"href":"https:\/\/gesundheitsberatung.com\/tierheilkunde\/wp-json\/wp\/v2\/comments?post=14074"}],"version-history":[{"count":0,"href":"https:\/\/gesundheitsberatung.com\/tierheilkunde\/wp-json\/wp\/v2\/pages\/14074\/revisions"}],"wp:featuredmedia":[{"embeddable":true,"href":"https:\/\/gesundheitsberatung.com\/tierheilkunde\/wp-json\/wp\/v2\/media\/3229"}],"wp:attachment":[{"href":"https:\/\/gesundheitsberatung.com\/tierheilkunde\/wp-json\/wp\/v2\/media?parent=14074"}],"curies":[{"name":"wp","href":"https:\/\/api.w.org\/{rel}","templated":true}]}}