{"id":12776,"date":"2016-08-09T13:16:29","date_gmt":"2016-08-09T11:16:29","guid":{"rendered":"https:\/\/gesundheitsberatung.com\/tierheilkunde\/?page_id=12776"},"modified":"2017-02-12T19:35:35","modified_gmt":"2017-02-12T18:35:35","slug":"mandat-bestaetigen","status":"publish","type":"page","link":"https:\/\/gesundheitsberatung.com\/tierheilkunde\/mandat-bestaetigen\/","title":{"rendered":"Mandat best\u00e4tigen"},"content":{"rendered":"<h1>SEPA Mandat Vistano Tierheilkunde<\/h1>\n<p>Du hast \u00fcber den Dir zugestellten Link das SEPA-Mandat best\u00e4tigt.<\/p>\nDas SEPA Mandat existiert nicht oder wurde bereits aktiviert. Bitte \u00fcberpr\u00fcfe den Link aus Deiner E-Mail. Es kann vereinzelt vorkommen, dass Webmailer den Link umbrechen und Zeichen einf\u00fcgen - kopiere in dem Fall den Link aus der Textansicht direkt in das Browserfenster.\n","protected":false},"excerpt":{"rendered":"<p>Vistano Tierheilkunde \/ Abrechnung &#8211; Mandat best\u00e4tigen<\/p>\n","protected":false},"author":1,"featured_media":0,"parent":0,"menu_order":0,"comment_status":"closed","ping_status":"closed","template":"","meta":{"footnotes":""},"class_list":["post-12776","page","type-page","status-publish","hentry"],"yoast_head":"<!-- This site is optimized with the Yoast SEO plugin v26.0 - https:\/\/yoast.com\/wordpress\/plugins\/seo\/ -->\n<title>Mandat best\u00e4tigen &#187; Tierheilkunde<\/title>\n<meta name=\"description\" content=\"Vistano Tierheilkunde \/ Abrechnung - Mandat best\u00e4tigen\" \/>\n<meta name=\"robots\" content=\"noindex, nofollow\" \/>\n<meta property=\"og:locale\" content=\"de_DE\" \/>\n<meta property=\"og:type\" content=\"article\" \/>\n<meta property=\"og:title\" content=\"Mandat best\u00e4tigen &#187; Tierheilkunde\" \/>\n<meta property=\"og:description\" content=\"Vistano Tierheilkunde \/ Abrechnung - Mandat best\u00e4tigen\" \/>\n<meta property=\"og:url\" content=\"https:\/\/gesundheitsberatung.com\/tierheilkunde\/mandat-bestaetigen\/\" \/>\n<meta property=\"og:site_name\" content=\"Tierheilkunde\" \/>\n<meta property=\"article:publisher\" content=\"https:\/\/www.facebook.com\/tierheilkunde\/\" \/>\n<meta property=\"article:modified_time\" content=\"2017-02-12T18:35:35+00:00\" \/>\n<meta property=\"og:image\" content=\"https:\/\/gesundheitsberatung.com\/tierheilkunde\/wp-content\/uploads\/sites\/5\/tierheilkunde-icon.jpg\" \/>\n\t<meta property=\"og:image:width\" content=\"200\" \/>\n\t<meta property=\"og:image:height\" content=\"200\" \/>\n\t<meta property=\"og:image:type\" content=\"image\/jpeg\" \/>\n<meta name=\"twitter:card\" content=\"summary_large_image\" \/>\n<meta name=\"twitter:site\" content=\"@Vistano\" \/>\n<script type=\"application\/ld+json\" class=\"yoast-schema-graph\">{\"@context\":\"https:\/\/schema.org\",\"@graph\":[{\"@type\":\"WebPage\",\"@id\":\"https:\/\/gesundheitsberatung.com\/tierheilkunde\/mandat-bestaetigen\/\",\"url\":\"https:\/\/gesundheitsberatung.com\/tierheilkunde\/mandat-bestaetigen\/\",\"name\":\"Mandat best\u00e4tigen &#187; Tierheilkunde\",\"isPartOf\":{\"@id\":\"https:\/\/gesundheitsberatung.com\/tierheilkunde\/#website\"},\"datePublished\":\"2016-08-09T11:16:29+00:00\",\"dateModified\":\"2017-02-12T18:35:35+00:00\",\"description\":\"Vistano Tierheilkunde \/ Abrechnung - Mandat best\u00e4tigen\",\"breadcrumb\":{\"@id\":\"https:\/\/gesundheitsberatung.com\/tierheilkunde\/mandat-bestaetigen\/#breadcrumb\"},\"inLanguage\":\"de\",\"potentialAction\":[{\"@type\":\"ReadAction\",\"target\":[\"https:\/\/gesundheitsberatung.com\/tierheilkunde\/mandat-bestaetigen\/\"]}]},{\"@type\":\"BreadcrumbList\",\"@id\":\"https:\/\/gesundheitsberatung.com\/tierheilkunde\/mandat-bestaetigen\/#breadcrumb\",\"itemListElement\":[{\"@type\":\"ListItem\",\"position\":1,\"name\":\"Home\",\"item\":\"https:\/\/gesundheitsberatung.com\/tierheilkunde\/\"},{\"@type\":\"ListItem\",\"position\":2,\"name\":\"Mandat best\u00e4tigen\"}]},{\"@type\":\"WebSite\",\"@id\":\"https:\/\/gesundheitsberatung.com\/tierheilkunde\/#website\",\"url\":\"https:\/\/gesundheitsberatung.com\/tierheilkunde\/\",\"name\":\"Tierheilkunde\",\"description\":\"Tierheilkunde \u260e Beratung f\u00fcr Nutz- &amp; Haustiere! Jetzt Gratis-Beratung sichern: \u2714 Tier\u00e4rzte \u2714 Tier-Heilpraktiker \u2714 Tier-Hom\u00f6opathen \u2714 Tiertrainer \u2714 Verhaltensberater \u2714 Tier-Psychologen bei Vistano Tierheilkunde.\",\"potentialAction\":[{\"@type\":\"SearchAction\",\"target\":{\"@type\":\"EntryPoint\",\"urlTemplate\":\"https:\/\/gesundheitsberatung.com\/tierheilkunde\/?s={search_term_string}\"},\"query-input\":{\"@type\":\"PropertyValueSpecification\",\"valueRequired\":true,\"valueName\":\"search_term_string\"}}],\"inLanguage\":\"de\"}]}<\/script>\n<!-- \/ Yoast SEO plugin. -->","yoast_head_json":{"title":"Mandat best\u00e4tigen &#187; Tierheilkunde","description":"Vistano Tierheilkunde \/ Abrechnung - Mandat best\u00e4tigen","robots":{"index":"noindex","follow":"nofollow"},"og_locale":"de_DE","og_type":"article","og_title":"Mandat best\u00e4tigen &#187; Tierheilkunde","og_description":"Vistano Tierheilkunde \/ Abrechnung - Mandat best\u00e4tigen","og_url":"https:\/\/gesundheitsberatung.com\/tierheilkunde\/mandat-bestaetigen\/","og_site_name":"Tierheilkunde","article_publisher":"https:\/\/www.facebook.com\/tierheilkunde\/","article_modified_time":"2017-02-12T18:35:35+00:00","og_image":[{"width":200,"height":200,"url":"https:\/\/gesundheitsberatung.com\/tierheilkunde\/wp-content\/uploads\/sites\/5\/tierheilkunde-icon.jpg","type":"image\/jpeg"}],"twitter_card":"summary_large_image","twitter_site":"@Vistano","schema":{"@context":"https:\/\/schema.org","@graph":[{"@type":"WebPage","@id":"https:\/\/gesundheitsberatung.com\/tierheilkunde\/mandat-bestaetigen\/","url":"https:\/\/gesundheitsberatung.com\/tierheilkunde\/mandat-bestaetigen\/","name":"Mandat best\u00e4tigen &#187; Tierheilkunde","isPartOf":{"@id":"https:\/\/gesundheitsberatung.com\/tierheilkunde\/#website"},"datePublished":"2016-08-09T11:16:29+00:00","dateModified":"2017-02-12T18:35:35+00:00","description":"Vistano Tierheilkunde \/ Abrechnung - Mandat best\u00e4tigen","breadcrumb":{"@id":"https:\/\/gesundheitsberatung.com\/tierheilkunde\/mandat-bestaetigen\/#breadcrumb"},"inLanguage":"de","potentialAction":[{"@type":"ReadAction","target":["https:\/\/gesundheitsberatung.com\/tierheilkunde\/mandat-bestaetigen\/"]}]},{"@type":"BreadcrumbList","@id":"https:\/\/gesundheitsberatung.com\/tierheilkunde\/mandat-bestaetigen\/#breadcrumb","itemListElement":[{"@type":"ListItem","position":1,"name":"Home","item":"https:\/\/gesundheitsberatung.com\/tierheilkunde\/"},{"@type":"ListItem","position":2,"name":"Mandat best\u00e4tigen"}]},{"@type":"WebSite","@id":"https:\/\/gesundheitsberatung.com\/tierheilkunde\/#website","url":"https:\/\/gesundheitsberatung.com\/tierheilkunde\/","name":"Tierheilkunde","description":"Tierheilkunde \u260e Beratung f\u00fcr Nutz- &amp; Haustiere! Jetzt Gratis-Beratung sichern: \u2714 Tier\u00e4rzte \u2714 Tier-Heilpraktiker \u2714 Tier-Hom\u00f6opathen \u2714 Tiertrainer \u2714 Verhaltensberater \u2714 Tier-Psychologen bei Vistano Tierheilkunde.","potentialAction":[{"@type":"SearchAction","target":{"@type":"EntryPoint","urlTemplate":"https:\/\/gesundheitsberatung.com\/tierheilkunde\/?s={search_term_string}"},"query-input":{"@type":"PropertyValueSpecification","valueRequired":true,"valueName":"search_term_string"}}],"inLanguage":"de"}]}},"_links":{"self":[{"href":"https:\/\/gesundheitsberatung.com\/tierheilkunde\/wp-json\/wp\/v2\/pages\/12776","targetHints":{"allow":["GET"]}}],"collection":[{"href":"https:\/\/gesundheitsberatung.com\/tierheilkunde\/wp-json\/wp\/v2\/pages"}],"about":[{"href":"https:\/\/gesundheitsberatung.com\/tierheilkunde\/wp-json\/wp\/v2\/types\/page"}],"author":[{"embeddable":true,"href":"https:\/\/gesundheitsberatung.com\/tierheilkunde\/wp-json\/wp\/v2\/users\/1"}],"replies":[{"embeddable":true,"href":"https:\/\/gesundheitsberatung.com\/tierheilkunde\/wp-json\/wp\/v2\/comments?post=12776"}],"version-history":[{"count":0,"href":"https:\/\/gesundheitsberatung.com\/tierheilkunde\/wp-json\/wp\/v2\/pages\/12776\/revisions"}],"wp:attachment":[{"href":"https:\/\/gesundheitsberatung.com\/tierheilkunde\/wp-json\/wp\/v2\/media?parent=12776"}],"curies":[{"name":"wp","href":"https:\/\/api.w.org\/{rel}","templated":true}]}}