{"id":17694,"date":"2016-09-29T12:10:20","date_gmt":"2016-09-29T10:10:20","guid":{"rendered":"https:\/\/gesundheitsberatung.com\/psychologie\/?post_type=product&#038;p=17694"},"modified":"2022-11-30T12:43:04","modified_gmt":"2022-11-30T11:43:04","slug":"u-della-schiava-winkler","status":"publish","type":"product","link":"https:\/\/gesundheitsberatung.com\/psychologie\/online-beratung\/psychologische-berater\/u-della-schiava-winkler\/","title":{"rendered":"U. Della Schiava-Winkler"},"content":{"rendered":"<p>BERATUNG &#8211; BEGLEITUNG &#8211; BETREUUNGDurch gezieltes Coaching und mit psychotherapeutischer Beratung helfe ich Ihnen, rasch neue L\u00f6sungen zu finden, um:\u00e2\u0080\u00a2 Ihre Symptome zu verbessern oder zum Abklingen zu bringen\u00a0<br \/>\n \u00e2\u0080\u00a2 Ihren Leidensdruck und Ihre Belastungen zu verringern<br \/>\n \u00e2\u0080\u00a2 Ihre F\u00e4higkeiten, Fertigkeiten und Talente zu erkennen und zu f\u00f6rdern<br \/>\n \u00e2\u0080\u00a2 Ihre Ressourcen und Potentiale zu entdecken und zu nutzen<br \/>\n \u00e2\u0080\u00a2 Ihre inneren und \u00e4u\u00dferen Konflikte zu l\u00f6sen<br \/>\n \u00e2\u0080\u00a2 Ihr Wohlbefinden zu steigern<br \/>\n \u00e2\u0080\u00a2 Ihre Lebensqualit\u00e4t zu verbessern<br \/>\n \u00e2\u0080\u00a2 Ihre soziale Kompetenz zu erweitern<br \/>\n \u00e2\u0080\u00a2 Ihr Selbstwertgef\u00fchl und Selbstvertrauen zu st\u00e4rken<br \/>\n \u00e2\u0080\u00a2 Ihre Beziehungen zu vertiefen<br \/>\n \u00e2\u0080\u00a2 Ihre Kontakte zu anderen Menschen befriedigender zu gestalten<br \/>\n \u00e2\u0080\u00a2 Ihre zwischenmenschliche Kommunikation zu verbessern<br \/>\n \u00e2\u0080\u00a2 Ihre Wahl- und Handlungsm\u00f6glichkeiten zu erweitern\u00a0<br \/>\n \u00e2\u0080\u00a2 Ihre Verhaltensweisen und Bew\u00e4ltigungsstrategien durch neue Perspektiven zu ver\u00e4ndern\u00a0<br \/>\n \u00e2\u0080\u00a2 Ihre pers\u00f6nlichen Ziele zu erreichen<br \/>\n \u00e2\u0080\u00a2 Ihre psychische Stabilit\u00e4t und Balance zu st\u00e4rken<\/p>\n<p>\u00c4ngste und Phobien k\u00f6nnen ver\u00e4ndert, Schwierigkeiten in Beziehung und Ehe aufgel\u00f6st, depressive Verstimmungen und Depressionen verbessert werden.<br \/>\nLernen Sie, wie Sie\u00a0Kommunikation statt Gewalt einsetzen, wie Rollenklarheit Missbrauch ersetzt und Konfliktregelung Mobbing vermeidet. \u00a0Stress und Burn-Out ver\u00e4ndern sich leicht zugunsten der Balance. <br \/>\nThemen wie Verlust, Tod und Trauer, oder auch Zwang, k\u00f6nnen besser verarbeitet werden, wenn Sie hierbei begleitet werden.\u00a0Ich freue mich auf unser Gespr\u00e4ch. \u00a0Ihre U. Della Schiava-Winkler<span class=\"display_none\">5590<\/span><\/p>\n","protected":false},"excerpt":{"rendered":"<p>Viele Probleme und Herausforderungen nehmen wir nur deshalb nicht in Angriff, weil wir Angst haben zu versagen, zu scheitern oder nicht den richtigen L\u00f6sungsweg finden. Holen Sie sich L\u00f6sungskompetenz<\/p>\n","protected":false},"featured_media":22875,"comment_status":"open","ping_status":"closed","template":"","meta":[],"product_cat":[],"product_tag":[],"class_list":["post-17694","product","type-product","status-publish","has-post-thumbnail","hentry","online_berater-psychologische-berater"],"yoast_head":"<!-- This site is optimized with the Yoast SEO plugin v26.0 - https:\/\/yoast.com\/wordpress\/plugins\/seo\/ -->\n<title>U. Della Schiava-Winkler &#187; Psychologische Berater &#187; Vistano \u260e Beratung<\/title>\n<meta name=\"description\" content=\"Vistano Psychologische Berater &#187; Viele Probleme und Herausforderungen nehmen wir nur deshalb nicht in Angriff, weil wir Angst haben zu versagen, zu scheitern oder nicht den richtigen L\u00f6sungsweg finden. Holen Sie sich L\u00f6sungskompetenz\" \/>\n<meta name=\"robots\" content=\"index, follow, max-snippet:-1, max-image-preview:large, max-video-preview:-1\" \/>\n<link rel=\"canonical\" href=\"https:\/\/gesundheitsberatung.com\/psychologie\/online-beratung\/psychologische-berater\/u-della-schiava-winkler\/\" \/>\n<meta property=\"og:locale\" content=\"de_DE\" \/>\n<meta property=\"og:type\" content=\"article\" \/>\n<meta property=\"og:title\" content=\"U. Della Schiava-Winkler &#187; Psychologische Berater &#187; Vistano \u260e Beratung\" \/>\n<meta property=\"og:description\" content=\"Vistano Psychologische Berater &#187; Viele Probleme und Herausforderungen nehmen wir nur deshalb nicht in Angriff, weil wir Angst haben zu versagen, zu scheitern oder nicht den richtigen L\u00f6sungsweg finden. Holen Sie sich L\u00f6sungskompetenz\" \/>\n<meta property=\"og:url\" content=\"https:\/\/gesundheitsberatung.com\/psychologie\/online-beratung\/psychologische-berater\/u-della-schiava-winkler\/\" \/>\n<meta property=\"og:site_name\" content=\"Psychologie\" \/>\n<meta property=\"article:publisher\" content=\"https:\/\/www.facebook.com\/psychologie\/\" \/>\n<meta property=\"article:modified_time\" content=\"2022-11-30T11:43:04+00:00\" \/>\n<meta property=\"og:image\" content=\"https:\/\/gesundheitsberatung.com\/psychologie\/wp-content\/uploads\/sites\/2\/u-della-schiava-winkler-psychologische-psychotherapeuten-vistano-berater-id-5590.jpg\" \/>\n\t<meta property=\"og:image:width\" content=\"700\" \/>\n\t<meta property=\"og:image:height\" content=\"700\" \/>\n\t<meta property=\"og:image:type\" content=\"image\/jpeg\" \/>\n<meta name=\"twitter:card\" content=\"summary_large_image\" \/>\n<meta name=\"twitter:site\" content=\"@Vistano\" \/>\n<script type=\"application\/ld+json\" class=\"yoast-schema-graph\">{\"@context\":\"https:\/\/schema.org\",\"@graph\":[{\"@type\":\"WebPage\",\"@id\":\"https:\/\/gesundheitsberatung.com\/psychologie\/online-beratung\/psychologische-berater\/u-della-schiava-winkler\/\",\"url\":\"https:\/\/gesundheitsberatung.com\/psychologie\/online-beratung\/psychologische-berater\/u-della-schiava-winkler\/\",\"name\":\"U. Della Schiava-Winkler &#187; Psychologische Berater &#187; Vistano \u260e Beratung\",\"isPartOf\":{\"@id\":\"https:\/\/gesundheitsberatung.com\/psychologie\/#website\"},\"primaryImageOfPage\":{\"@id\":\"https:\/\/gesundheitsberatung.com\/psychologie\/online-beratung\/psychologische-berater\/u-della-schiava-winkler\/#primaryimage\"},\"image\":{\"@id\":\"https:\/\/gesundheitsberatung.com\/psychologie\/online-beratung\/psychologische-berater\/u-della-schiava-winkler\/#primaryimage\"},\"thumbnailUrl\":\"https:\/\/gesundheitsberatung.com\/psychologie\/wp-content\/uploads\/sites\/2\/u-della-schiava-winkler-psychologische-psychotherapeuten-vistano-berater-id-5590.jpg\",\"datePublished\":\"2016-09-29T10:10:20+00:00\",\"dateModified\":\"2022-11-30T11:43:04+00:00\",\"description\":\"Vistano Psychologische Berater &#187; Viele Probleme und Herausforderungen nehmen wir nur deshalb nicht in Angriff, weil wir Angst haben zu versagen, zu scheitern oder nicht den richtigen L\u00f6sungsweg finden. Holen Sie sich L\u00f6sungskompetenz\",\"breadcrumb\":{\"@id\":\"https:\/\/gesundheitsberatung.com\/psychologie\/online-beratung\/psychologische-berater\/u-della-schiava-winkler\/#breadcrumb\"},\"inLanguage\":\"de\",\"potentialAction\":[{\"@type\":\"ReadAction\",\"target\":[\"https:\/\/gesundheitsberatung.com\/psychologie\/online-beratung\/psychologische-berater\/u-della-schiava-winkler\/\"]}]},{\"@type\":\"ImageObject\",\"inLanguage\":\"de\",\"@id\":\"https:\/\/gesundheitsberatung.com\/psychologie\/online-beratung\/psychologische-berater\/u-della-schiava-winkler\/#primaryimage\",\"url\":\"https:\/\/gesundheitsberatung.com\/psychologie\/wp-content\/uploads\/sites\/2\/u-della-schiava-winkler-psychologische-psychotherapeuten-vistano-berater-id-5590.jpg\",\"contentUrl\":\"https:\/\/gesundheitsberatung.com\/psychologie\/wp-content\/uploads\/sites\/2\/u-della-schiava-winkler-psychologische-psychotherapeuten-vistano-berater-id-5590.jpg\",\"width\":700,\"height\":700,\"caption\":\"Psychologische Psychotherapeuten U. Della Schiava-Winkler - Berater-ID: 5590\"},{\"@type\":\"BreadcrumbList\",\"@id\":\"https:\/\/gesundheitsberatung.com\/psychologie\/online-beratung\/psychologische-berater\/u-della-schiava-winkler\/#breadcrumb\",\"itemListElement\":[{\"@type\":\"ListItem\",\"position\":1,\"name\":\"Home\",\"item\":\"https:\/\/gesundheitsberatung.com\/psychologie\/\"},{\"@type\":\"ListItem\",\"position\":2,\"name\":\"Produkte\",\"item\":\"https:\/\/gesundheitsberatung.com\/psychologie\/shop\/\"},{\"@type\":\"ListItem\",\"position\":3,\"name\":\"Online Beratung\",\"item\":\"https:\/\/gesundheitsberatung.com\/psychologie\/online_berater\/online-beratung\/\"},{\"@type\":\"ListItem\",\"position\":4,\"name\":\"Psychologische Psychotherapeuten\",\"item\":\"https:\/\/gesundheitsberatung.com\/psychologie\/online_berater\/psychologische-psychotherapeuten\/\"},{\"@type\":\"ListItem\",\"position\":5,\"name\":\"U. Della Schiava-Winkler\"}]},{\"@type\":\"WebSite\",\"@id\":\"https:\/\/gesundheitsberatung.com\/psychologie\/#website\",\"url\":\"https:\/\/gesundheitsberatung.com\/psychologie\/\",\"name\":\"Psychologie\",\"description\":\"Psychologie \u260e Beratung durch Psychologen! Jetzt Gratis-Beratung sichern: \u2714 Diplom Psychologen \u2714 Heilpraktiker f\u00fcr Psychotherapie \u2714 Psychotherapeuten \u2714 Psychologische Berater bei Vistano Psychologie.\",\"potentialAction\":[{\"@type\":\"SearchAction\",\"target\":{\"@type\":\"EntryPoint\",\"urlTemplate\":\"https:\/\/gesundheitsberatung.com\/psychologie\/?s={search_term_string}\"},\"query-input\":{\"@type\":\"PropertyValueSpecification\",\"valueRequired\":true,\"valueName\":\"search_term_string\"}}],\"inLanguage\":\"de\"}]}<\/script>\n<!-- \/ Yoast SEO plugin. -->","yoast_head_json":{"title":"U. Della Schiava-Winkler &#187; Psychologische Berater &#187; Vistano \u260e Beratung","description":"Vistano Psychologische Berater &#187; Viele Probleme und Herausforderungen nehmen wir nur deshalb nicht in Angriff, weil wir Angst haben zu versagen, zu scheitern oder nicht den richtigen L\u00f6sungsweg finden. Holen Sie sich L\u00f6sungskompetenz","robots":{"index":"index","follow":"follow","max-snippet":"max-snippet:-1","max-image-preview":"max-image-preview:large","max-video-preview":"max-video-preview:-1"},"canonical":"https:\/\/gesundheitsberatung.com\/psychologie\/online-beratung\/psychologische-berater\/u-della-schiava-winkler\/","og_locale":"de_DE","og_type":"article","og_title":"U. Della Schiava-Winkler &#187; Psychologische Berater &#187; Vistano \u260e Beratung","og_description":"Vistano Psychologische Berater &#187; Viele Probleme und Herausforderungen nehmen wir nur deshalb nicht in Angriff, weil wir Angst haben zu versagen, zu scheitern oder nicht den richtigen L\u00f6sungsweg finden. Holen Sie sich L\u00f6sungskompetenz","og_url":"https:\/\/gesundheitsberatung.com\/psychologie\/online-beratung\/psychologische-berater\/u-della-schiava-winkler\/","og_site_name":"Psychologie","article_publisher":"https:\/\/www.facebook.com\/psychologie\/","article_modified_time":"2022-11-30T11:43:04+00:00","og_image":[{"width":700,"height":700,"url":"https:\/\/gesundheitsberatung.com\/psychologie\/wp-content\/uploads\/sites\/2\/u-della-schiava-winkler-psychologische-psychotherapeuten-vistano-berater-id-5590.jpg","type":"image\/jpeg"}],"twitter_card":"summary_large_image","twitter_site":"@Vistano","schema":{"@context":"https:\/\/schema.org","@graph":[{"@type":"WebPage","@id":"https:\/\/gesundheitsberatung.com\/psychologie\/online-beratung\/psychologische-berater\/u-della-schiava-winkler\/","url":"https:\/\/gesundheitsberatung.com\/psychologie\/online-beratung\/psychologische-berater\/u-della-schiava-winkler\/","name":"U. Della Schiava-Winkler &#187; Psychologische Berater &#187; Vistano \u260e Beratung","isPartOf":{"@id":"https:\/\/gesundheitsberatung.com\/psychologie\/#website"},"primaryImageOfPage":{"@id":"https:\/\/gesundheitsberatung.com\/psychologie\/online-beratung\/psychologische-berater\/u-della-schiava-winkler\/#primaryimage"},"image":{"@id":"https:\/\/gesundheitsberatung.com\/psychologie\/online-beratung\/psychologische-berater\/u-della-schiava-winkler\/#primaryimage"},"thumbnailUrl":"https:\/\/gesundheitsberatung.com\/psychologie\/wp-content\/uploads\/sites\/2\/u-della-schiava-winkler-psychologische-psychotherapeuten-vistano-berater-id-5590.jpg","datePublished":"2016-09-29T10:10:20+00:00","dateModified":"2022-11-30T11:43:04+00:00","description":"Vistano Psychologische Berater &#187; Viele Probleme und Herausforderungen nehmen wir nur deshalb nicht in Angriff, weil wir Angst haben zu versagen, zu scheitern oder nicht den richtigen L\u00f6sungsweg finden. Holen Sie sich L\u00f6sungskompetenz","breadcrumb":{"@id":"https:\/\/gesundheitsberatung.com\/psychologie\/online-beratung\/psychologische-berater\/u-della-schiava-winkler\/#breadcrumb"},"inLanguage":"de","potentialAction":[{"@type":"ReadAction","target":["https:\/\/gesundheitsberatung.com\/psychologie\/online-beratung\/psychologische-berater\/u-della-schiava-winkler\/"]}]},{"@type":"ImageObject","inLanguage":"de","@id":"https:\/\/gesundheitsberatung.com\/psychologie\/online-beratung\/psychologische-berater\/u-della-schiava-winkler\/#primaryimage","url":"https:\/\/gesundheitsberatung.com\/psychologie\/wp-content\/uploads\/sites\/2\/u-della-schiava-winkler-psychologische-psychotherapeuten-vistano-berater-id-5590.jpg","contentUrl":"https:\/\/gesundheitsberatung.com\/psychologie\/wp-content\/uploads\/sites\/2\/u-della-schiava-winkler-psychologische-psychotherapeuten-vistano-berater-id-5590.jpg","width":700,"height":700,"caption":"Psychologische Psychotherapeuten U. Della Schiava-Winkler - Berater-ID: 5590"},{"@type":"BreadcrumbList","@id":"https:\/\/gesundheitsberatung.com\/psychologie\/online-beratung\/psychologische-berater\/u-della-schiava-winkler\/#breadcrumb","itemListElement":[{"@type":"ListItem","position":1,"name":"Home","item":"https:\/\/gesundheitsberatung.com\/psychologie\/"},{"@type":"ListItem","position":2,"name":"Produkte","item":"https:\/\/gesundheitsberatung.com\/psychologie\/shop\/"},{"@type":"ListItem","position":3,"name":"Online Beratung","item":"https:\/\/gesundheitsberatung.com\/psychologie\/online_berater\/online-beratung\/"},{"@type":"ListItem","position":4,"name":"Psychologische Psychotherapeuten","item":"https:\/\/gesundheitsberatung.com\/psychologie\/online_berater\/psychologische-psychotherapeuten\/"},{"@type":"ListItem","position":5,"name":"U. Della Schiava-Winkler"}]},{"@type":"WebSite","@id":"https:\/\/gesundheitsberatung.com\/psychologie\/#website","url":"https:\/\/gesundheitsberatung.com\/psychologie\/","name":"Psychologie","description":"Psychologie \u260e Beratung durch Psychologen! Jetzt Gratis-Beratung sichern: \u2714 Diplom Psychologen \u2714 Heilpraktiker f\u00fcr Psychotherapie \u2714 Psychotherapeuten \u2714 Psychologische Berater bei Vistano Psychologie.","potentialAction":[{"@type":"SearchAction","target":{"@type":"EntryPoint","urlTemplate":"https:\/\/gesundheitsberatung.com\/psychologie\/?s={search_term_string}"},"query-input":{"@type":"PropertyValueSpecification","valueRequired":true,"valueName":"search_term_string"}}],"inLanguage":"de"}]}},"_links":{"self":[{"href":"https:\/\/gesundheitsberatung.com\/psychologie\/wp-json\/wp\/v2\/product\/17694","targetHints":{"allow":["GET"]}}],"collection":[{"href":"https:\/\/gesundheitsberatung.com\/psychologie\/wp-json\/wp\/v2\/product"}],"about":[{"href":"https:\/\/gesundheitsberatung.com\/psychologie\/wp-json\/wp\/v2\/types\/product"}],"replies":[{"embeddable":true,"href":"https:\/\/gesundheitsberatung.com\/psychologie\/wp-json\/wp\/v2\/comments?post=17694"}],"wp:featuredmedia":[{"embeddable":true,"href":"https:\/\/gesundheitsberatung.com\/psychologie\/wp-json\/wp\/v2\/media\/22875"}],"wp:attachment":[{"href":"https:\/\/gesundheitsberatung.com\/psychologie\/wp-json\/wp\/v2\/media?parent=17694"}],"wp:term":[{"taxonomy":"product_cat","embeddable":true,"href":"https:\/\/gesundheitsberatung.com\/psychologie\/wp-json\/wp\/v2\/product_cat?post=17694"},{"taxonomy":"product_tag","embeddable":true,"href":"https:\/\/gesundheitsberatung.com\/psychologie\/wp-json\/wp\/v2\/product_tag?post=17694"}],"curies":[{"name":"wp","href":"https:\/\/api.w.org\/{rel}","templated":true}]}}