{"id":17666,"date":"2016-09-29T15:54:32","date_gmt":"2016-09-29T13:54:32","guid":{"rendered":"https:\/\/gesundheitsberatung.com\/psychologie\/?post_type=product&#038;p=17666"},"modified":"2020-01-22T13:46:03","modified_gmt":"2020-01-22T12:46:03","slug":"e-leibrich","status":"publish","type":"product","link":"https:\/\/gesundheitsberatung.com\/psychologie\/online-beratung\/psychologische-berater\/e-leibrich\/","title":{"rendered":"E. Leibrich"},"content":{"rendered":"<p><span class=\"hinweis_text_single_berater\">Wer k\u00c3\u00a4mpft kann verlieren &#8211; wer nicht k\u00c3\u00a4mpft, hat schon verloren!<\/span><\/p>\n<p>Ich berate Sie gern in allen Lebensbereichen und bin f\u00fcr Sie da,wenn Sie Sorgen und Kummer haben! <br \/>\nAls psychologische Beraterin mit abgeschlossenem Fernstudium (SGD) Psychotherapie HP und langj\u00e4hriger Erfahrung in der Beratung kann ich Ihnen nun hier auch die telefonische Beratung anbieten. Dies bedeutet f\u00fcr Sie, dass Sie schnellstm\u00f6gliche l\u00f6sungsorientierte Hilfe, ohne lange Wartezeiten erhalten k\u00f6nnen! <\/p>\n<p>Wenn nicht jetzt, wann dann??? Viele Menschen w\u00fcnschen sich positive Ver\u00e4nderungen in den unterschiedlichsten Lebensbereichen, sei es in der Partnerschaft, in der Familie, im Beruf(&#8230;). Was oftmals bleibt ist leider nur der Wunsch, denn der Weg scheint zu steinig oder das Ziel unerreichbar. <\/p>\n<p>Man wird unzufriedener mit sich selbst und seinem Umfeld, was meistens dazu f\u00fchrt, das man auch den Wunsch aufgibt, etwas ver\u00e4ndern zu wollen. V\u00f6llig &#8220;unbemerkt&#8221; k\u00f6nnen sich dann psychosomatische Erkrankungen, Depressionen, Burnout &#8211; \u00c4ngste &#8220;einschleichen&#8221;. &#8220;Leider&#8221; gibt es f\u00fcr diese Bereiche des Lebens keine Navigationsger\u00e4te, aber Sie haben die M\u00f6glichkeit der Unterst\u00fctzung auf Ihrem Weg!<\/p>\n<p>Sie f\u00fchlen sich nicht wohl \u2013 Disharmonie, Stress oder Krisensituationen st\u00f6ren ihren pers\u00f6nlichen und beruflichen Frieden? Sie w\u00fcnschen sich Hilfe, einen Menschen, der Ihnen zuh\u00f6rt und Ihnen mit Rat und Tat zur Seite steht? Dann ist die psychologische Beratung \u201eHilfe zur Selbsthilfe\u201c!<\/p>\n<p>Seit vielen Jahren arbeite ich mit und f\u00fcr Menschen die Hilfe ben\u00f6tigen und gern auch annehmen &#8211; egal welche Gr\u00fcnde diese Menschen bewogen haben, sich an mich zu wenden.<\/p>\n<p>Sie sind nicht allein &#8211; ich bin f\u00fcr Sie da!<span class=\"display_none\">5454<\/span><\/p>\n","protected":false},"excerpt":{"rendered":"<p>Ich berate Sie gern in allen Lebensbereichen und bin f\u00fcr Sie da wenn Sie Sorgen und Kummer haben! Paar- und Familienberatung, Beratung bei Problemen im Team und f\u00fcr Aus- und R\u00fcckwanderer.<\/p>\n","protected":false},"featured_media":23090,"comment_status":"open","ping_status":"closed","template":"","meta":[],"product_cat":[],"product_tag":[],"class_list":["post-17666","product","type-product","status-publish","has-post-thumbnail","hentry","online_berater-psychologische-berater"],"yoast_head":"<!-- This site is optimized with the Yoast SEO plugin v26.0 - https:\/\/yoast.com\/wordpress\/plugins\/seo\/ -->\n<title>E. Leibrich &#187; Psychologische Berater &#187; Vistano \u260e Beratung<\/title>\n<meta name=\"description\" content=\"Vistano Psychologische Berater &#187; Ich berate Sie gern in allen Lebensbereichen und bin f\u00fcr Sie da wenn Sie Sorgen und Kummer haben! Paar- und Familienberatung, Beratung bei Problemen im Team und f\u00fcr Aus- und R\u00fcckwanderer.\" \/>\n<meta name=\"robots\" content=\"index, follow, max-snippet:-1, max-image-preview:large, max-video-preview:-1\" \/>\n<link rel=\"canonical\" href=\"https:\/\/gesundheitsberatung.com\/psychologie\/online-beratung\/psychologische-berater\/e-leibrich\/\" \/>\n<meta property=\"og:locale\" content=\"de_DE\" \/>\n<meta property=\"og:type\" content=\"article\" \/>\n<meta property=\"og:title\" content=\"E. Leibrich &#187; Psychologische Berater &#187; Vistano \u260e Beratung\" \/>\n<meta property=\"og:description\" content=\"Vistano Psychologische Berater &#187; Ich berate Sie gern in allen Lebensbereichen und bin f\u00fcr Sie da wenn Sie Sorgen und Kummer haben! Paar- und Familienberatung, Beratung bei Problemen im Team und f\u00fcr Aus- und R\u00fcckwanderer.\" \/>\n<meta property=\"og:url\" content=\"https:\/\/gesundheitsberatung.com\/psychologie\/online-beratung\/psychologische-berater\/e-leibrich\/\" \/>\n<meta property=\"og:site_name\" content=\"Psychologie\" \/>\n<meta property=\"article:publisher\" content=\"https:\/\/www.facebook.com\/psychologie\/\" \/>\n<meta property=\"article:modified_time\" content=\"2020-01-22T12:46:03+00:00\" \/>\n<meta property=\"og:image\" content=\"https:\/\/gesundheitsberatung.com\/psychologie\/wp-content\/uploads\/sites\/2\/e-leibrich-psychologische-berater-vistano-berater-id-5454.jpg\" \/>\n\t<meta property=\"og:image:width\" content=\"700\" \/>\n\t<meta property=\"og:image:height\" content=\"700\" \/>\n\t<meta property=\"og:image:type\" content=\"image\/jpeg\" \/>\n<meta name=\"twitter:card\" content=\"summary_large_image\" \/>\n<meta name=\"twitter:site\" content=\"@Vistano\" \/>\n<script type=\"application\/ld+json\" class=\"yoast-schema-graph\">{\"@context\":\"https:\/\/schema.org\",\"@graph\":[{\"@type\":\"WebPage\",\"@id\":\"https:\/\/gesundheitsberatung.com\/psychologie\/online-beratung\/psychologische-berater\/e-leibrich\/\",\"url\":\"https:\/\/gesundheitsberatung.com\/psychologie\/online-beratung\/psychologische-berater\/e-leibrich\/\",\"name\":\"E. Leibrich &#187; Psychologische Berater &#187; Vistano \u260e Beratung\",\"isPartOf\":{\"@id\":\"https:\/\/gesundheitsberatung.com\/psychologie\/#website\"},\"primaryImageOfPage\":{\"@id\":\"https:\/\/gesundheitsberatung.com\/psychologie\/online-beratung\/psychologische-berater\/e-leibrich\/#primaryimage\"},\"image\":{\"@id\":\"https:\/\/gesundheitsberatung.com\/psychologie\/online-beratung\/psychologische-berater\/e-leibrich\/#primaryimage\"},\"thumbnailUrl\":\"https:\/\/gesundheitsberatung.com\/psychologie\/wp-content\/uploads\/sites\/2\/e-leibrich-psychologische-berater-vistano-berater-id-5454.jpg\",\"datePublished\":\"2016-09-29T13:54:32+00:00\",\"dateModified\":\"2020-01-22T12:46:03+00:00\",\"description\":\"Vistano Psychologische Berater &#187; Ich berate Sie gern in allen Lebensbereichen und bin f\u00fcr Sie da wenn Sie Sorgen und Kummer haben! Paar- und Familienberatung, Beratung bei Problemen im Team und f\u00fcr Aus- und R\u00fcckwanderer.\",\"breadcrumb\":{\"@id\":\"https:\/\/gesundheitsberatung.com\/psychologie\/online-beratung\/psychologische-berater\/e-leibrich\/#breadcrumb\"},\"inLanguage\":\"de\",\"potentialAction\":[{\"@type\":\"ReadAction\",\"target\":[\"https:\/\/gesundheitsberatung.com\/psychologie\/online-beratung\/psychologische-berater\/e-leibrich\/\"]}]},{\"@type\":\"ImageObject\",\"inLanguage\":\"de\",\"@id\":\"https:\/\/gesundheitsberatung.com\/psychologie\/online-beratung\/psychologische-berater\/e-leibrich\/#primaryimage\",\"url\":\"https:\/\/gesundheitsberatung.com\/psychologie\/wp-content\/uploads\/sites\/2\/e-leibrich-psychologische-berater-vistano-berater-id-5454.jpg\",\"contentUrl\":\"https:\/\/gesundheitsberatung.com\/psychologie\/wp-content\/uploads\/sites\/2\/e-leibrich-psychologische-berater-vistano-berater-id-5454.jpg\",\"width\":700,\"height\":700,\"caption\":\"Psychologische Berater E. Leibrich - Berater-ID: 5454\"},{\"@type\":\"BreadcrumbList\",\"@id\":\"https:\/\/gesundheitsberatung.com\/psychologie\/online-beratung\/psychologische-berater\/e-leibrich\/#breadcrumb\",\"itemListElement\":[{\"@type\":\"ListItem\",\"position\":1,\"name\":\"Home\",\"item\":\"https:\/\/gesundheitsberatung.com\/psychologie\/\"},{\"@type\":\"ListItem\",\"position\":2,\"name\":\"Produkte\",\"item\":\"https:\/\/gesundheitsberatung.com\/psychologie\/shop\/\"},{\"@type\":\"ListItem\",\"position\":3,\"name\":\"Online Beratung\",\"item\":\"https:\/\/gesundheitsberatung.com\/psychologie\/online_berater\/online-beratung\/\"},{\"@type\":\"ListItem\",\"position\":4,\"name\":\"Psychologische Berater\",\"item\":\"https:\/\/gesundheitsberatung.com\/psychologie\/online_berater\/psychologische-berater\/\"},{\"@type\":\"ListItem\",\"position\":5,\"name\":\"E. Leibrich\"}]},{\"@type\":\"WebSite\",\"@id\":\"https:\/\/gesundheitsberatung.com\/psychologie\/#website\",\"url\":\"https:\/\/gesundheitsberatung.com\/psychologie\/\",\"name\":\"Psychologie\",\"description\":\"Psychologie \u260e Beratung durch Psychologen! Jetzt Gratis-Beratung sichern: \u2714 Diplom Psychologen \u2714 Heilpraktiker f\u00fcr Psychotherapie \u2714 Psychotherapeuten \u2714 Psychologische Berater bei Vistano Psychologie.\",\"potentialAction\":[{\"@type\":\"SearchAction\",\"target\":{\"@type\":\"EntryPoint\",\"urlTemplate\":\"https:\/\/gesundheitsberatung.com\/psychologie\/?s={search_term_string}\"},\"query-input\":{\"@type\":\"PropertyValueSpecification\",\"valueRequired\":true,\"valueName\":\"search_term_string\"}}],\"inLanguage\":\"de\"}]}<\/script>\n<!-- \/ Yoast SEO plugin. -->","yoast_head_json":{"title":"E. Leibrich &#187; Psychologische Berater &#187; Vistano \u260e Beratung","description":"Vistano Psychologische Berater &#187; Ich berate Sie gern in allen Lebensbereichen und bin f\u00fcr Sie da wenn Sie Sorgen und Kummer haben! Paar- und Familienberatung, Beratung bei Problemen im Team und f\u00fcr Aus- und R\u00fcckwanderer.","robots":{"index":"index","follow":"follow","max-snippet":"max-snippet:-1","max-image-preview":"max-image-preview:large","max-video-preview":"max-video-preview:-1"},"canonical":"https:\/\/gesundheitsberatung.com\/psychologie\/online-beratung\/psychologische-berater\/e-leibrich\/","og_locale":"de_DE","og_type":"article","og_title":"E. Leibrich &#187; Psychologische Berater &#187; Vistano \u260e Beratung","og_description":"Vistano Psychologische Berater &#187; Ich berate Sie gern in allen Lebensbereichen und bin f\u00fcr Sie da wenn Sie Sorgen und Kummer haben! Paar- und Familienberatung, Beratung bei Problemen im Team und f\u00fcr Aus- und R\u00fcckwanderer.","og_url":"https:\/\/gesundheitsberatung.com\/psychologie\/online-beratung\/psychologische-berater\/e-leibrich\/","og_site_name":"Psychologie","article_publisher":"https:\/\/www.facebook.com\/psychologie\/","article_modified_time":"2020-01-22T12:46:03+00:00","og_image":[{"width":700,"height":700,"url":"https:\/\/gesundheitsberatung.com\/psychologie\/wp-content\/uploads\/sites\/2\/e-leibrich-psychologische-berater-vistano-berater-id-5454.jpg","type":"image\/jpeg"}],"twitter_card":"summary_large_image","twitter_site":"@Vistano","schema":{"@context":"https:\/\/schema.org","@graph":[{"@type":"WebPage","@id":"https:\/\/gesundheitsberatung.com\/psychologie\/online-beratung\/psychologische-berater\/e-leibrich\/","url":"https:\/\/gesundheitsberatung.com\/psychologie\/online-beratung\/psychologische-berater\/e-leibrich\/","name":"E. Leibrich &#187; Psychologische Berater &#187; Vistano \u260e Beratung","isPartOf":{"@id":"https:\/\/gesundheitsberatung.com\/psychologie\/#website"},"primaryImageOfPage":{"@id":"https:\/\/gesundheitsberatung.com\/psychologie\/online-beratung\/psychologische-berater\/e-leibrich\/#primaryimage"},"image":{"@id":"https:\/\/gesundheitsberatung.com\/psychologie\/online-beratung\/psychologische-berater\/e-leibrich\/#primaryimage"},"thumbnailUrl":"https:\/\/gesundheitsberatung.com\/psychologie\/wp-content\/uploads\/sites\/2\/e-leibrich-psychologische-berater-vistano-berater-id-5454.jpg","datePublished":"2016-09-29T13:54:32+00:00","dateModified":"2020-01-22T12:46:03+00:00","description":"Vistano Psychologische Berater &#187; Ich berate Sie gern in allen Lebensbereichen und bin f\u00fcr Sie da wenn Sie Sorgen und Kummer haben! Paar- und Familienberatung, Beratung bei Problemen im Team und f\u00fcr Aus- und R\u00fcckwanderer.","breadcrumb":{"@id":"https:\/\/gesundheitsberatung.com\/psychologie\/online-beratung\/psychologische-berater\/e-leibrich\/#breadcrumb"},"inLanguage":"de","potentialAction":[{"@type":"ReadAction","target":["https:\/\/gesundheitsberatung.com\/psychologie\/online-beratung\/psychologische-berater\/e-leibrich\/"]}]},{"@type":"ImageObject","inLanguage":"de","@id":"https:\/\/gesundheitsberatung.com\/psychologie\/online-beratung\/psychologische-berater\/e-leibrich\/#primaryimage","url":"https:\/\/gesundheitsberatung.com\/psychologie\/wp-content\/uploads\/sites\/2\/e-leibrich-psychologische-berater-vistano-berater-id-5454.jpg","contentUrl":"https:\/\/gesundheitsberatung.com\/psychologie\/wp-content\/uploads\/sites\/2\/e-leibrich-psychologische-berater-vistano-berater-id-5454.jpg","width":700,"height":700,"caption":"Psychologische Berater E. Leibrich - Berater-ID: 5454"},{"@type":"BreadcrumbList","@id":"https:\/\/gesundheitsberatung.com\/psychologie\/online-beratung\/psychologische-berater\/e-leibrich\/#breadcrumb","itemListElement":[{"@type":"ListItem","position":1,"name":"Home","item":"https:\/\/gesundheitsberatung.com\/psychologie\/"},{"@type":"ListItem","position":2,"name":"Produkte","item":"https:\/\/gesundheitsberatung.com\/psychologie\/shop\/"},{"@type":"ListItem","position":3,"name":"Online Beratung","item":"https:\/\/gesundheitsberatung.com\/psychologie\/online_berater\/online-beratung\/"},{"@type":"ListItem","position":4,"name":"Psychologische Berater","item":"https:\/\/gesundheitsberatung.com\/psychologie\/online_berater\/psychologische-berater\/"},{"@type":"ListItem","position":5,"name":"E. Leibrich"}]},{"@type":"WebSite","@id":"https:\/\/gesundheitsberatung.com\/psychologie\/#website","url":"https:\/\/gesundheitsberatung.com\/psychologie\/","name":"Psychologie","description":"Psychologie \u260e Beratung durch Psychologen! Jetzt Gratis-Beratung sichern: \u2714 Diplom Psychologen \u2714 Heilpraktiker f\u00fcr Psychotherapie \u2714 Psychotherapeuten \u2714 Psychologische Berater bei Vistano Psychologie.","potentialAction":[{"@type":"SearchAction","target":{"@type":"EntryPoint","urlTemplate":"https:\/\/gesundheitsberatung.com\/psychologie\/?s={search_term_string}"},"query-input":{"@type":"PropertyValueSpecification","valueRequired":true,"valueName":"search_term_string"}}],"inLanguage":"de"}]}},"_links":{"self":[{"href":"https:\/\/gesundheitsberatung.com\/psychologie\/wp-json\/wp\/v2\/product\/17666","targetHints":{"allow":["GET"]}}],"collection":[{"href":"https:\/\/gesundheitsberatung.com\/psychologie\/wp-json\/wp\/v2\/product"}],"about":[{"href":"https:\/\/gesundheitsberatung.com\/psychologie\/wp-json\/wp\/v2\/types\/product"}],"replies":[{"embeddable":true,"href":"https:\/\/gesundheitsberatung.com\/psychologie\/wp-json\/wp\/v2\/comments?post=17666"}],"wp:featuredmedia":[{"embeddable":true,"href":"https:\/\/gesundheitsberatung.com\/psychologie\/wp-json\/wp\/v2\/media\/23090"}],"wp:attachment":[{"href":"https:\/\/gesundheitsberatung.com\/psychologie\/wp-json\/wp\/v2\/media?parent=17666"}],"wp:term":[{"taxonomy":"product_cat","embeddable":true,"href":"https:\/\/gesundheitsberatung.com\/psychologie\/wp-json\/wp\/v2\/product_cat?post=17666"},{"taxonomy":"product_tag","embeddable":true,"href":"https:\/\/gesundheitsberatung.com\/psychologie\/wp-json\/wp\/v2\/product_tag?post=17666"}],"curies":[{"name":"wp","href":"https:\/\/api.w.org\/{rel}","templated":true}]}}