{"id":17650,"date":"2016-09-29T16:01:48","date_gmt":"2016-09-29T14:01:48","guid":{"rendered":"https:\/\/gesundheitsberatung.com\/psychologie\/?post_type=product&#038;p=17650"},"modified":"2020-01-22T15:04:25","modified_gmt":"2020-01-22T14:04:25","slug":"k-kruger","status":"publish","type":"product","link":"https:\/\/gesundheitsberatung.com\/psychologie\/online-beratung\/diplompsychologen-msc-psychologie\/k-kruger\/","title":{"rendered":"K. Kruger"},"content":{"rendered":"<p>\u00a0 Liebe Ratsuchende, lieber Ratsuchender,<\/p>\n<p>Sie suchen eine l\u00f6sungsorientierte Beratung mit Herz und Sachverstand? <\/p>\n<p>Hier sind Sie richtig!<\/p>\n<p>Sie haben ein Problem\/eine Herausforderung und wissen noch nicht, wie Sie damit umgehen wollen? Lassen Sie uns dar\u00fcber sprechen und Sie werden neue Sichtweisen gewinnen, die Sie zur L\u00f6sung f\u00fchren!\u00a0\u00a0<\/p>\n<p>Im Laufe der Jahre meiner T\u00e4tigkeit als Trainer, Coach, Berater und Therapeut durfte ich mit unz\u00e4hligen Menschen arbeiten. Es fasziniert mich immer wieder von Neuem zu erleben, wie jemand, der bei unserer ersten Begegnung seine Situation als kritisch bis ausweglos erlebte, durch schnell anwendbare aber hochwirksame Techniken binnen Minuten seine Sichtweise und sein Erleben \u00e4ndern konnte und sich auf den Weg machte, gest\u00e4rkt aus der Krise hervorzugehen.<\/p>\n<p>In der Regel bildeten und bilden \u00a0 sich daraus dann jahrelange, vertrauensvolle Klienten-Berater-Kontakte, auf die die Klienten bei neuerlichen Problemen\/Herausforderungen immer wieder zur\u00fcckgreifen und sich ein \u201eUpdate\u201c holen, um dann wieder selbst\u00e4ndig ihren Lebensweg frei und genussvoll weiter zu gehen.\u00a0<\/p>\n<p>Sie sind aktuell: <br \/>\n&#8211;\u00a0\u00a0\u00a0\u00a0\u00a0\u00a0\u00a0\u00a0 \u00a0in einer Umbruchsituation, <br \/>\n&#8211;\u00a0\u00a0\u00a0\u00a0\u00a0\u00a0\u00a0\u00a0 einer Lebenskrise oder<br \/>\n&#8211;\u00a0\u00a0\u00a0\u00a0\u00a0\u00a0\u00a0\u00a0 stehen vor Herausforderungen, die Sie zu meistern haben<\/p>\n<p>Sie haben:<br \/>\n&#8211;\u00a0\u00a0\u00a0\u00a0\u00a0\u00a0\u00a0\u00a0 \u00c4ngste<br \/>\n&#8211;\u00a0\u00a0\u00a0\u00a0\u00a0\u00a0\u00a0\u00a0  z.B Pr\u00fcfungsangst<\/p>\n<p>Ein kl\u00e4rendes und den Focus Ihrer Aufmerksamkeit ver\u00e4nderndes Gespr\u00e4ch kann die entscheidende L\u00f6sung sein.\u00a0<\/p>\n<p>Das Leben ist zu kurz, zu kostbar und zu sch\u00f6n, um in Problemen zu verharren!<\/p>\n<p>Geben Sie sich einen Ruck, lassen Sie mich Ihnen helfen, damit Sie wieder frei und unbeschwert sein k\u00f6nnen, wie Sie es sich verdient haben!<\/p>\n<p>Heute ist der erste Tag vom Rest Ihres Lebens!\u00a0<\/p>\n<p>Ich freue mich auf Ihren Anruf!<\/p>\n<p>Ihr K. Kruger<span class=\"display_none\">5380<\/span><\/p>\n","protected":false},"excerpt":{"rendered":"<p>L\u00f6sungsorientierte Beratung mit Herz und Sachverstand vom Fachmann!Sie haben ein Problem\/ eine Herausforderung oder einen Kummer? Durch neue Sichtweisen helfe ich Ihnen eine L\u00f6sung zu finden!<\/p>\n","protected":false},"featured_media":23017,"comment_status":"open","ping_status":"closed","template":"","meta":[],"product_cat":[],"product_tag":[],"class_list":["post-17650","product","type-product","status-publish","has-post-thumbnail","hentry","online_berater-diplompsychologen-msc-psychologie"],"yoast_head":"<!-- This site is optimized with the Yoast SEO plugin v26.0 - https:\/\/yoast.com\/wordpress\/plugins\/seo\/ -->\n<title>K. Kruger &#187; Diplompsychologen \/ M.Sc. Psychologie &#187; Vistano \u260e Beratung<\/title>\n<meta name=\"description\" content=\"Vistano Diplompsychologen \/ M.Sc. Psychologie &#187; L\u00f6sungsorientierte Beratung mit Herz und Sachverstand vom Fachmann!Sie haben ein Problem\/ eine Herausforderung oder einen Kummer? Durch neue Sichtweisen helfe ich Ihnen eine L\u00f6sung zu finden!\" \/>\n<meta name=\"robots\" content=\"index, follow, max-snippet:-1, max-image-preview:large, max-video-preview:-1\" \/>\n<link rel=\"canonical\" href=\"https:\/\/gesundheitsberatung.com\/psychologie\/online-beratung\/diplompsychologen-msc-psychologie\/k-kruger\/\" \/>\n<meta property=\"og:locale\" content=\"de_DE\" \/>\n<meta property=\"og:type\" content=\"article\" \/>\n<meta property=\"og:title\" content=\"K. Kruger &#187; Diplompsychologen \/ M.Sc. Psychologie &#187; Vistano \u260e Beratung\" \/>\n<meta property=\"og:description\" content=\"Vistano Diplompsychologen \/ M.Sc. Psychologie &#187; L\u00f6sungsorientierte Beratung mit Herz und Sachverstand vom Fachmann!Sie haben ein Problem\/ eine Herausforderung oder einen Kummer? Durch neue Sichtweisen helfe ich Ihnen eine L\u00f6sung zu finden!\" \/>\n<meta property=\"og:url\" content=\"https:\/\/gesundheitsberatung.com\/psychologie\/online-beratung\/diplompsychologen-msc-psychologie\/k-kruger\/\" \/>\n<meta property=\"og:site_name\" content=\"Psychologie\" \/>\n<meta property=\"article:publisher\" content=\"https:\/\/www.facebook.com\/psychologie\/\" \/>\n<meta property=\"article:modified_time\" content=\"2020-01-22T14:04:25+00:00\" \/>\n<meta property=\"og:image\" content=\"https:\/\/gesundheitsberatung.com\/psychologie\/wp-content\/uploads\/sites\/2\/k-kruger-diplompsychologen-m-sc-psychologie--vistano-berater-id-5380.jpg\" \/>\n\t<meta property=\"og:image:width\" content=\"700\" \/>\n\t<meta property=\"og:image:height\" content=\"700\" \/>\n\t<meta property=\"og:image:type\" content=\"image\/jpeg\" \/>\n<meta name=\"twitter:card\" content=\"summary_large_image\" \/>\n<meta name=\"twitter:site\" content=\"@Vistano\" \/>\n<script type=\"application\/ld+json\" class=\"yoast-schema-graph\">{\"@context\":\"https:\/\/schema.org\",\"@graph\":[{\"@type\":\"WebPage\",\"@id\":\"https:\/\/gesundheitsberatung.com\/psychologie\/online-beratung\/diplompsychologen-msc-psychologie\/k-kruger\/\",\"url\":\"https:\/\/gesundheitsberatung.com\/psychologie\/online-beratung\/diplompsychologen-msc-psychologie\/k-kruger\/\",\"name\":\"K. Kruger &#187; Diplompsychologen \/ M.Sc. Psychologie &#187; Vistano \u260e Beratung\",\"isPartOf\":{\"@id\":\"https:\/\/gesundheitsberatung.com\/psychologie\/#website\"},\"primaryImageOfPage\":{\"@id\":\"https:\/\/gesundheitsberatung.com\/psychologie\/online-beratung\/diplompsychologen-msc-psychologie\/k-kruger\/#primaryimage\"},\"image\":{\"@id\":\"https:\/\/gesundheitsberatung.com\/psychologie\/online-beratung\/diplompsychologen-msc-psychologie\/k-kruger\/#primaryimage\"},\"thumbnailUrl\":\"https:\/\/gesundheitsberatung.com\/psychologie\/wp-content\/uploads\/sites\/2\/k-kruger-diplompsychologen-m-sc-psychologie--vistano-berater-id-5380.jpg\",\"datePublished\":\"2016-09-29T14:01:48+00:00\",\"dateModified\":\"2020-01-22T14:04:25+00:00\",\"description\":\"Vistano Diplompsychologen \/ M.Sc. Psychologie &#187; L\u00f6sungsorientierte Beratung mit Herz und Sachverstand vom Fachmann!Sie haben ein Problem\/ eine Herausforderung oder einen Kummer? Durch neue Sichtweisen helfe ich Ihnen eine L\u00f6sung zu finden!\",\"breadcrumb\":{\"@id\":\"https:\/\/gesundheitsberatung.com\/psychologie\/online-beratung\/diplompsychologen-msc-psychologie\/k-kruger\/#breadcrumb\"},\"inLanguage\":\"de\",\"potentialAction\":[{\"@type\":\"ReadAction\",\"target\":[\"https:\/\/gesundheitsberatung.com\/psychologie\/online-beratung\/diplompsychologen-msc-psychologie\/k-kruger\/\"]}]},{\"@type\":\"ImageObject\",\"inLanguage\":\"de\",\"@id\":\"https:\/\/gesundheitsberatung.com\/psychologie\/online-beratung\/diplompsychologen-msc-psychologie\/k-kruger\/#primaryimage\",\"url\":\"https:\/\/gesundheitsberatung.com\/psychologie\/wp-content\/uploads\/sites\/2\/k-kruger-diplompsychologen-m-sc-psychologie--vistano-berater-id-5380.jpg\",\"contentUrl\":\"https:\/\/gesundheitsberatung.com\/psychologie\/wp-content\/uploads\/sites\/2\/k-kruger-diplompsychologen-m-sc-psychologie--vistano-berater-id-5380.jpg\",\"width\":700,\"height\":700,\"caption\":\"Diplompsychologen \/ M. Sc. Psychologie K. Kruger - Berater-ID: 5380\"},{\"@type\":\"BreadcrumbList\",\"@id\":\"https:\/\/gesundheitsberatung.com\/psychologie\/online-beratung\/diplompsychologen-msc-psychologie\/k-kruger\/#breadcrumb\",\"itemListElement\":[{\"@type\":\"ListItem\",\"position\":1,\"name\":\"Home\",\"item\":\"https:\/\/gesundheitsberatung.com\/psychologie\/\"},{\"@type\":\"ListItem\",\"position\":2,\"name\":\"Produkte\",\"item\":\"https:\/\/gesundheitsberatung.com\/psychologie\/shop\/\"},{\"@type\":\"ListItem\",\"position\":3,\"name\":\"Online Beratung\",\"item\":\"https:\/\/gesundheitsberatung.com\/psychologie\/online_berater\/online-beratung\/\"},{\"@type\":\"ListItem\",\"position\":4,\"name\":\"Diplompsychologen \/ M.Sc. Psychologie\",\"item\":\"https:\/\/gesundheitsberatung.com\/psychologie\/online_berater\/diplompsychologen-msc-psychologie\/\"},{\"@type\":\"ListItem\",\"position\":5,\"name\":\"K. Kruger\"}]},{\"@type\":\"WebSite\",\"@id\":\"https:\/\/gesundheitsberatung.com\/psychologie\/#website\",\"url\":\"https:\/\/gesundheitsberatung.com\/psychologie\/\",\"name\":\"Psychologie\",\"description\":\"Psychologie \u260e Beratung durch Psychologen! Jetzt Gratis-Beratung sichern: \u2714 Diplom Psychologen \u2714 Heilpraktiker f\u00fcr Psychotherapie \u2714 Psychotherapeuten \u2714 Psychologische Berater bei Vistano Psychologie.\",\"potentialAction\":[{\"@type\":\"SearchAction\",\"target\":{\"@type\":\"EntryPoint\",\"urlTemplate\":\"https:\/\/gesundheitsberatung.com\/psychologie\/?s={search_term_string}\"},\"query-input\":{\"@type\":\"PropertyValueSpecification\",\"valueRequired\":true,\"valueName\":\"search_term_string\"}}],\"inLanguage\":\"de\"}]}<\/script>\n<!-- \/ Yoast SEO plugin. -->","yoast_head_json":{"title":"K. Kruger &#187; Diplompsychologen \/ M.Sc. Psychologie &#187; Vistano \u260e Beratung","description":"Vistano Diplompsychologen \/ M.Sc. Psychologie &#187; L\u00f6sungsorientierte Beratung mit Herz und Sachverstand vom Fachmann!Sie haben ein Problem\/ eine Herausforderung oder einen Kummer? Durch neue Sichtweisen helfe ich Ihnen eine L\u00f6sung zu finden!","robots":{"index":"index","follow":"follow","max-snippet":"max-snippet:-1","max-image-preview":"max-image-preview:large","max-video-preview":"max-video-preview:-1"},"canonical":"https:\/\/gesundheitsberatung.com\/psychologie\/online-beratung\/diplompsychologen-msc-psychologie\/k-kruger\/","og_locale":"de_DE","og_type":"article","og_title":"K. Kruger &#187; Diplompsychologen \/ M.Sc. Psychologie &#187; Vistano \u260e Beratung","og_description":"Vistano Diplompsychologen \/ M.Sc. Psychologie &#187; L\u00f6sungsorientierte Beratung mit Herz und Sachverstand vom Fachmann!Sie haben ein Problem\/ eine Herausforderung oder einen Kummer? Durch neue Sichtweisen helfe ich Ihnen eine L\u00f6sung zu finden!","og_url":"https:\/\/gesundheitsberatung.com\/psychologie\/online-beratung\/diplompsychologen-msc-psychologie\/k-kruger\/","og_site_name":"Psychologie","article_publisher":"https:\/\/www.facebook.com\/psychologie\/","article_modified_time":"2020-01-22T14:04:25+00:00","og_image":[{"width":700,"height":700,"url":"https:\/\/gesundheitsberatung.com\/psychologie\/wp-content\/uploads\/sites\/2\/k-kruger-diplompsychologen-m-sc-psychologie--vistano-berater-id-5380.jpg","type":"image\/jpeg"}],"twitter_card":"summary_large_image","twitter_site":"@Vistano","schema":{"@context":"https:\/\/schema.org","@graph":[{"@type":"WebPage","@id":"https:\/\/gesundheitsberatung.com\/psychologie\/online-beratung\/diplompsychologen-msc-psychologie\/k-kruger\/","url":"https:\/\/gesundheitsberatung.com\/psychologie\/online-beratung\/diplompsychologen-msc-psychologie\/k-kruger\/","name":"K. Kruger &#187; Diplompsychologen \/ M.Sc. Psychologie &#187; Vistano \u260e Beratung","isPartOf":{"@id":"https:\/\/gesundheitsberatung.com\/psychologie\/#website"},"primaryImageOfPage":{"@id":"https:\/\/gesundheitsberatung.com\/psychologie\/online-beratung\/diplompsychologen-msc-psychologie\/k-kruger\/#primaryimage"},"image":{"@id":"https:\/\/gesundheitsberatung.com\/psychologie\/online-beratung\/diplompsychologen-msc-psychologie\/k-kruger\/#primaryimage"},"thumbnailUrl":"https:\/\/gesundheitsberatung.com\/psychologie\/wp-content\/uploads\/sites\/2\/k-kruger-diplompsychologen-m-sc-psychologie--vistano-berater-id-5380.jpg","datePublished":"2016-09-29T14:01:48+00:00","dateModified":"2020-01-22T14:04:25+00:00","description":"Vistano Diplompsychologen \/ M.Sc. Psychologie &#187; L\u00f6sungsorientierte Beratung mit Herz und Sachverstand vom Fachmann!Sie haben ein Problem\/ eine Herausforderung oder einen Kummer? Durch neue Sichtweisen helfe ich Ihnen eine L\u00f6sung zu finden!","breadcrumb":{"@id":"https:\/\/gesundheitsberatung.com\/psychologie\/online-beratung\/diplompsychologen-msc-psychologie\/k-kruger\/#breadcrumb"},"inLanguage":"de","potentialAction":[{"@type":"ReadAction","target":["https:\/\/gesundheitsberatung.com\/psychologie\/online-beratung\/diplompsychologen-msc-psychologie\/k-kruger\/"]}]},{"@type":"ImageObject","inLanguage":"de","@id":"https:\/\/gesundheitsberatung.com\/psychologie\/online-beratung\/diplompsychologen-msc-psychologie\/k-kruger\/#primaryimage","url":"https:\/\/gesundheitsberatung.com\/psychologie\/wp-content\/uploads\/sites\/2\/k-kruger-diplompsychologen-m-sc-psychologie--vistano-berater-id-5380.jpg","contentUrl":"https:\/\/gesundheitsberatung.com\/psychologie\/wp-content\/uploads\/sites\/2\/k-kruger-diplompsychologen-m-sc-psychologie--vistano-berater-id-5380.jpg","width":700,"height":700,"caption":"Diplompsychologen \/ M. Sc. Psychologie K. Kruger - Berater-ID: 5380"},{"@type":"BreadcrumbList","@id":"https:\/\/gesundheitsberatung.com\/psychologie\/online-beratung\/diplompsychologen-msc-psychologie\/k-kruger\/#breadcrumb","itemListElement":[{"@type":"ListItem","position":1,"name":"Home","item":"https:\/\/gesundheitsberatung.com\/psychologie\/"},{"@type":"ListItem","position":2,"name":"Produkte","item":"https:\/\/gesundheitsberatung.com\/psychologie\/shop\/"},{"@type":"ListItem","position":3,"name":"Online Beratung","item":"https:\/\/gesundheitsberatung.com\/psychologie\/online_berater\/online-beratung\/"},{"@type":"ListItem","position":4,"name":"Diplompsychologen \/ M.Sc. Psychologie","item":"https:\/\/gesundheitsberatung.com\/psychologie\/online_berater\/diplompsychologen-msc-psychologie\/"},{"@type":"ListItem","position":5,"name":"K. Kruger"}]},{"@type":"WebSite","@id":"https:\/\/gesundheitsberatung.com\/psychologie\/#website","url":"https:\/\/gesundheitsberatung.com\/psychologie\/","name":"Psychologie","description":"Psychologie \u260e Beratung durch Psychologen! Jetzt Gratis-Beratung sichern: \u2714 Diplom Psychologen \u2714 Heilpraktiker f\u00fcr Psychotherapie \u2714 Psychotherapeuten \u2714 Psychologische Berater bei Vistano Psychologie.","potentialAction":[{"@type":"SearchAction","target":{"@type":"EntryPoint","urlTemplate":"https:\/\/gesundheitsberatung.com\/psychologie\/?s={search_term_string}"},"query-input":{"@type":"PropertyValueSpecification","valueRequired":true,"valueName":"search_term_string"}}],"inLanguage":"de"}]}},"_links":{"self":[{"href":"https:\/\/gesundheitsberatung.com\/psychologie\/wp-json\/wp\/v2\/product\/17650","targetHints":{"allow":["GET"]}}],"collection":[{"href":"https:\/\/gesundheitsberatung.com\/psychologie\/wp-json\/wp\/v2\/product"}],"about":[{"href":"https:\/\/gesundheitsberatung.com\/psychologie\/wp-json\/wp\/v2\/types\/product"}],"replies":[{"embeddable":true,"href":"https:\/\/gesundheitsberatung.com\/psychologie\/wp-json\/wp\/v2\/comments?post=17650"}],"wp:featuredmedia":[{"embeddable":true,"href":"https:\/\/gesundheitsberatung.com\/psychologie\/wp-json\/wp\/v2\/media\/23017"}],"wp:attachment":[{"href":"https:\/\/gesundheitsberatung.com\/psychologie\/wp-json\/wp\/v2\/media?parent=17650"}],"wp:term":[{"taxonomy":"product_cat","embeddable":true,"href":"https:\/\/gesundheitsberatung.com\/psychologie\/wp-json\/wp\/v2\/product_cat?post=17650"},{"taxonomy":"product_tag","embeddable":true,"href":"https:\/\/gesundheitsberatung.com\/psychologie\/wp-json\/wp\/v2\/product_tag?post=17650"}],"curies":[{"name":"wp","href":"https:\/\/api.w.org\/{rel}","templated":true}]}}