{"id":17616,"date":"2016-08-04T16:50:40","date_gmt":"2016-08-04T14:50:40","guid":{"rendered":"https:\/\/gesundheitsberatung.com\/psychologie\/?post_type=product&#038;p=17616"},"modified":"2020-01-22T14:31:16","modified_gmt":"2020-01-22T13:31:16","slug":"b-zottmann","status":"publish","type":"product","link":"https:\/\/gesundheitsberatung.com\/psychologie\/online-beratung\/heilpraktiker-fuer-psychotherapie\/b-zottmann\/","title":{"rendered":"B. Zottmann"},"content":{"rendered":"<p>Was vor uns liegt und <br \/>\nwas hinter uns liegt, sind <br \/>\nKleinigkeiten im Vergleich zu dem, <br \/>\nwas in uns liegt <\/p>\n<p>(Henry David Thoreau)\u00a0<\/p>\n<p>Ich berate und coache Sie wenn Sie sich weiterentwickeln m\u00f6chten und\/ oder im Moment Schwierigkeiten haben, die Sie gerne l\u00f6sen m\u00f6chten. Auch in Krisensituationen m\u00f6chte ich unterst\u00fctzend und verst\u00e4ndnisvoll f\u00fcr Sie da sein und Ihnen dabei helfen, Perspektiven f\u00fcr ein &#8220;neues&#8221; Leben zu erkennen und umsetzen zu k\u00f6nnen.\u00a0\u00a0<\/p>\n<p>Coaching wirkt direkt und nachhaltig. Schon nach wenigen Gespr\u00e4chen wird sich einiges f\u00fcr Sie \u00e4ndern:\u00a0<\/p>\n<p>\u2022 Ihre Situation klarer erfassen und aus einer anderen, neuen Perspektive sehen<br \/>\n\u2022 Ihr Ziel benennen und formulieren<br \/>\n\u2022 Sich besser motivieren und Ihre Probleme direkt angehen<br \/>\n\u2022 Besser Ihren eigenen F\u00e4higkeiten vertrauen und lernen diese einzusetzen<br \/>\n\u2022 Besser mit Zeit umgehen<br \/>\n\u2022 Strategien entwickeln, die Sie sofort anwenden k\u00f6nnen<br \/>\n\u2022 Besser kommunizieren und Ihre Mitmenschen besser verstehen<br \/>\n\u2022 Wieder entdecken, dass das Leben Freude bereiten kann<br \/>\n\u2022 Ihre Beziehungen vertrauensvoll und offen erleben<br \/>\n\u2022 Tr\u00e4umen und wagen Visionen f\u00fcr Ihr Leben zu entwickeln<br \/>\n\u2022 Mehr Lebensenergie sp\u00fcren\u00a0Innehalten gibt Kraft &#8211; aus Freude am Leben sich seinen Problemen stellen.\u00a0\u00a0<\/p>\n<p>\nWir k\u00f6nnen einzelne Themen intensiv \u00fcber wenige Woche bearbeiten oder mehrere Monate miteinander arbeiten. In dieser Zeit f\u00fchren wir regelm\u00e4\u00dfig etwa einst\u00fcndige (Telefon-)Gespr\u00e4che. Die H\u00e4ufigkeit und die Verteilung der Gespr\u00e4che vereinbaren wir gemeinsam entsprechend Ihrem Thema und Ihrer Bed\u00fcrfnisse. Das Coaching sollte einfach und ohne viel Aufwand in Ihren Alltag integriert werden. Zwischen unseren Gespr\u00e4chen besch\u00e4ftigen Sie sich mit gemeinsam vereinbarten Themen und Aufgaben.<br \/>\n<span class=\"display_none\">5198<\/span><\/p>\n","protected":false},"excerpt":{"rendered":"<p>Innehalten gibt Kraft &#8211; aus Freude am Leben sich seinen Problemen stellen.<\/p>\n","protected":false},"featured_media":22876,"comment_status":"open","ping_status":"closed","template":"","meta":[],"product_cat":[],"product_tag":[],"class_list":["post-17616","product","type-product","status-publish","has-post-thumbnail","hentry","online_berater-heilpraktiker-fuer-psychotherapie"],"yoast_head":"<!-- This site is optimized with the Yoast SEO plugin v26.0 - https:\/\/yoast.com\/wordpress\/plugins\/seo\/ -->\n<title>B. Zottmann &#187; Heilpraktiker f\u00fcr Psychotherapie &#187; Vistano \u260e Beratung<\/title>\n<meta name=\"description\" content=\"Vistano Heilpraktiker f\u00fcr Psychotherapie &#187; Innehalten gibt Kraft - aus Freude am Leben sich seinen Problemen stellen.\" \/>\n<meta name=\"robots\" content=\"index, follow, max-snippet:-1, max-image-preview:large, max-video-preview:-1\" \/>\n<link rel=\"canonical\" href=\"https:\/\/gesundheitsberatung.com\/psychologie\/online-beratung\/heilpraktiker-fuer-psychotherapie\/b-zottmann\/\" \/>\n<meta property=\"og:locale\" content=\"de_DE\" \/>\n<meta property=\"og:type\" content=\"article\" \/>\n<meta property=\"og:title\" content=\"B. Zottmann &#187; Heilpraktiker f\u00fcr Psychotherapie &#187; Vistano \u260e Beratung\" \/>\n<meta property=\"og:description\" content=\"Vistano Heilpraktiker f\u00fcr Psychotherapie &#187; Innehalten gibt Kraft - aus Freude am Leben sich seinen Problemen stellen.\" \/>\n<meta property=\"og:url\" content=\"https:\/\/gesundheitsberatung.com\/psychologie\/online-beratung\/heilpraktiker-fuer-psychotherapie\/b-zottmann\/\" \/>\n<meta property=\"og:site_name\" content=\"Psychologie\" \/>\n<meta property=\"article:publisher\" content=\"https:\/\/www.facebook.com\/psychologie\/\" \/>\n<meta property=\"article:modified_time\" content=\"2020-01-22T13:31:16+00:00\" \/>\n<meta property=\"og:image\" content=\"https:\/\/gesundheitsberatung.com\/psychologie\/wp-content\/uploads\/sites\/2\/b-zottmann-heilpraktiker-f-r-psychotherapie-vistano-berater-id-5198.jpg\" \/>\n\t<meta property=\"og:image:width\" content=\"1985\" \/>\n\t<meta property=\"og:image:height\" content=\"1985\" \/>\n\t<meta property=\"og:image:type\" content=\"image\/jpeg\" \/>\n<meta name=\"twitter:card\" content=\"summary_large_image\" \/>\n<meta name=\"twitter:site\" content=\"@Vistano\" \/>\n<script type=\"application\/ld+json\" class=\"yoast-schema-graph\">{\"@context\":\"https:\/\/schema.org\",\"@graph\":[{\"@type\":\"WebPage\",\"@id\":\"https:\/\/gesundheitsberatung.com\/psychologie\/online-beratung\/heilpraktiker-fuer-psychotherapie\/b-zottmann\/\",\"url\":\"https:\/\/gesundheitsberatung.com\/psychologie\/online-beratung\/heilpraktiker-fuer-psychotherapie\/b-zottmann\/\",\"name\":\"B. Zottmann &#187; Heilpraktiker f\u00fcr Psychotherapie &#187; Vistano \u260e Beratung\",\"isPartOf\":{\"@id\":\"https:\/\/gesundheitsberatung.com\/psychologie\/#website\"},\"primaryImageOfPage\":{\"@id\":\"https:\/\/gesundheitsberatung.com\/psychologie\/online-beratung\/heilpraktiker-fuer-psychotherapie\/b-zottmann\/#primaryimage\"},\"image\":{\"@id\":\"https:\/\/gesundheitsberatung.com\/psychologie\/online-beratung\/heilpraktiker-fuer-psychotherapie\/b-zottmann\/#primaryimage\"},\"thumbnailUrl\":\"https:\/\/gesundheitsberatung.com\/psychologie\/wp-content\/uploads\/sites\/2\/b-zottmann-heilpraktiker-f-r-psychotherapie-vistano-berater-id-5198.jpg\",\"datePublished\":\"2016-08-04T14:50:40+00:00\",\"dateModified\":\"2020-01-22T13:31:16+00:00\",\"description\":\"Vistano Heilpraktiker f\u00fcr Psychotherapie &#187; Innehalten gibt Kraft - aus Freude am Leben sich seinen Problemen stellen.\",\"breadcrumb\":{\"@id\":\"https:\/\/gesundheitsberatung.com\/psychologie\/online-beratung\/heilpraktiker-fuer-psychotherapie\/b-zottmann\/#breadcrumb\"},\"inLanguage\":\"de\",\"potentialAction\":[{\"@type\":\"ReadAction\",\"target\":[\"https:\/\/gesundheitsberatung.com\/psychologie\/online-beratung\/heilpraktiker-fuer-psychotherapie\/b-zottmann\/\"]}]},{\"@type\":\"ImageObject\",\"inLanguage\":\"de\",\"@id\":\"https:\/\/gesundheitsberatung.com\/psychologie\/online-beratung\/heilpraktiker-fuer-psychotherapie\/b-zottmann\/#primaryimage\",\"url\":\"https:\/\/gesundheitsberatung.com\/psychologie\/wp-content\/uploads\/sites\/2\/b-zottmann-heilpraktiker-f-r-psychotherapie-vistano-berater-id-5198.jpg\",\"contentUrl\":\"https:\/\/gesundheitsberatung.com\/psychologie\/wp-content\/uploads\/sites\/2\/b-zottmann-heilpraktiker-f-r-psychotherapie-vistano-berater-id-5198.jpg\",\"width\":1985,\"height\":1985,\"caption\":\"Heilpraktiker f\u00fcr Psychotherapie B. Zottmann - Berater-ID: 5198\"},{\"@type\":\"BreadcrumbList\",\"@id\":\"https:\/\/gesundheitsberatung.com\/psychologie\/online-beratung\/heilpraktiker-fuer-psychotherapie\/b-zottmann\/#breadcrumb\",\"itemListElement\":[{\"@type\":\"ListItem\",\"position\":1,\"name\":\"Home\",\"item\":\"https:\/\/gesundheitsberatung.com\/psychologie\/\"},{\"@type\":\"ListItem\",\"position\":2,\"name\":\"Produkte\",\"item\":\"https:\/\/gesundheitsberatung.com\/psychologie\/shop\/\"},{\"@type\":\"ListItem\",\"position\":3,\"name\":\"Online Beratung\",\"item\":\"https:\/\/gesundheitsberatung.com\/psychologie\/online_berater\/online-beratung\/\"},{\"@type\":\"ListItem\",\"position\":4,\"name\":\"Heilpraktiker f\u00fcr Psychotherapie\",\"item\":\"https:\/\/gesundheitsberatung.com\/psychologie\/online_berater\/heilpraktiker-fuer-psychotherapie\/\"},{\"@type\":\"ListItem\",\"position\":5,\"name\":\"B. Zottmann\"}]},{\"@type\":\"WebSite\",\"@id\":\"https:\/\/gesundheitsberatung.com\/psychologie\/#website\",\"url\":\"https:\/\/gesundheitsberatung.com\/psychologie\/\",\"name\":\"Psychologie\",\"description\":\"Psychologie \u260e Beratung durch Psychologen! Jetzt Gratis-Beratung sichern: \u2714 Diplom Psychologen \u2714 Heilpraktiker f\u00fcr Psychotherapie \u2714 Psychotherapeuten \u2714 Psychologische Berater bei Vistano Psychologie.\",\"potentialAction\":[{\"@type\":\"SearchAction\",\"target\":{\"@type\":\"EntryPoint\",\"urlTemplate\":\"https:\/\/gesundheitsberatung.com\/psychologie\/?s={search_term_string}\"},\"query-input\":{\"@type\":\"PropertyValueSpecification\",\"valueRequired\":true,\"valueName\":\"search_term_string\"}}],\"inLanguage\":\"de\"}]}<\/script>\n<!-- \/ Yoast SEO plugin. -->","yoast_head_json":{"title":"B. Zottmann &#187; Heilpraktiker f\u00fcr Psychotherapie &#187; Vistano \u260e Beratung","description":"Vistano Heilpraktiker f\u00fcr Psychotherapie &#187; Innehalten gibt Kraft - aus Freude am Leben sich seinen Problemen stellen.","robots":{"index":"index","follow":"follow","max-snippet":"max-snippet:-1","max-image-preview":"max-image-preview:large","max-video-preview":"max-video-preview:-1"},"canonical":"https:\/\/gesundheitsberatung.com\/psychologie\/online-beratung\/heilpraktiker-fuer-psychotherapie\/b-zottmann\/","og_locale":"de_DE","og_type":"article","og_title":"B. Zottmann &#187; Heilpraktiker f\u00fcr Psychotherapie &#187; Vistano \u260e Beratung","og_description":"Vistano Heilpraktiker f\u00fcr Psychotherapie &#187; Innehalten gibt Kraft - aus Freude am Leben sich seinen Problemen stellen.","og_url":"https:\/\/gesundheitsberatung.com\/psychologie\/online-beratung\/heilpraktiker-fuer-psychotherapie\/b-zottmann\/","og_site_name":"Psychologie","article_publisher":"https:\/\/www.facebook.com\/psychologie\/","article_modified_time":"2020-01-22T13:31:16+00:00","og_image":[{"width":1985,"height":1985,"url":"https:\/\/gesundheitsberatung.com\/psychologie\/wp-content\/uploads\/sites\/2\/b-zottmann-heilpraktiker-f-r-psychotherapie-vistano-berater-id-5198.jpg","type":"image\/jpeg"}],"twitter_card":"summary_large_image","twitter_site":"@Vistano","schema":{"@context":"https:\/\/schema.org","@graph":[{"@type":"WebPage","@id":"https:\/\/gesundheitsberatung.com\/psychologie\/online-beratung\/heilpraktiker-fuer-psychotherapie\/b-zottmann\/","url":"https:\/\/gesundheitsberatung.com\/psychologie\/online-beratung\/heilpraktiker-fuer-psychotherapie\/b-zottmann\/","name":"B. Zottmann &#187; Heilpraktiker f\u00fcr Psychotherapie &#187; Vistano \u260e Beratung","isPartOf":{"@id":"https:\/\/gesundheitsberatung.com\/psychologie\/#website"},"primaryImageOfPage":{"@id":"https:\/\/gesundheitsberatung.com\/psychologie\/online-beratung\/heilpraktiker-fuer-psychotherapie\/b-zottmann\/#primaryimage"},"image":{"@id":"https:\/\/gesundheitsberatung.com\/psychologie\/online-beratung\/heilpraktiker-fuer-psychotherapie\/b-zottmann\/#primaryimage"},"thumbnailUrl":"https:\/\/gesundheitsberatung.com\/psychologie\/wp-content\/uploads\/sites\/2\/b-zottmann-heilpraktiker-f-r-psychotherapie-vistano-berater-id-5198.jpg","datePublished":"2016-08-04T14:50:40+00:00","dateModified":"2020-01-22T13:31:16+00:00","description":"Vistano Heilpraktiker f\u00fcr Psychotherapie &#187; Innehalten gibt Kraft - aus Freude am Leben sich seinen Problemen stellen.","breadcrumb":{"@id":"https:\/\/gesundheitsberatung.com\/psychologie\/online-beratung\/heilpraktiker-fuer-psychotherapie\/b-zottmann\/#breadcrumb"},"inLanguage":"de","potentialAction":[{"@type":"ReadAction","target":["https:\/\/gesundheitsberatung.com\/psychologie\/online-beratung\/heilpraktiker-fuer-psychotherapie\/b-zottmann\/"]}]},{"@type":"ImageObject","inLanguage":"de","@id":"https:\/\/gesundheitsberatung.com\/psychologie\/online-beratung\/heilpraktiker-fuer-psychotherapie\/b-zottmann\/#primaryimage","url":"https:\/\/gesundheitsberatung.com\/psychologie\/wp-content\/uploads\/sites\/2\/b-zottmann-heilpraktiker-f-r-psychotherapie-vistano-berater-id-5198.jpg","contentUrl":"https:\/\/gesundheitsberatung.com\/psychologie\/wp-content\/uploads\/sites\/2\/b-zottmann-heilpraktiker-f-r-psychotherapie-vistano-berater-id-5198.jpg","width":1985,"height":1985,"caption":"Heilpraktiker f\u00fcr Psychotherapie B. Zottmann - Berater-ID: 5198"},{"@type":"BreadcrumbList","@id":"https:\/\/gesundheitsberatung.com\/psychologie\/online-beratung\/heilpraktiker-fuer-psychotherapie\/b-zottmann\/#breadcrumb","itemListElement":[{"@type":"ListItem","position":1,"name":"Home","item":"https:\/\/gesundheitsberatung.com\/psychologie\/"},{"@type":"ListItem","position":2,"name":"Produkte","item":"https:\/\/gesundheitsberatung.com\/psychologie\/shop\/"},{"@type":"ListItem","position":3,"name":"Online Beratung","item":"https:\/\/gesundheitsberatung.com\/psychologie\/online_berater\/online-beratung\/"},{"@type":"ListItem","position":4,"name":"Heilpraktiker f\u00fcr Psychotherapie","item":"https:\/\/gesundheitsberatung.com\/psychologie\/online_berater\/heilpraktiker-fuer-psychotherapie\/"},{"@type":"ListItem","position":5,"name":"B. Zottmann"}]},{"@type":"WebSite","@id":"https:\/\/gesundheitsberatung.com\/psychologie\/#website","url":"https:\/\/gesundheitsberatung.com\/psychologie\/","name":"Psychologie","description":"Psychologie \u260e Beratung durch Psychologen! Jetzt Gratis-Beratung sichern: \u2714 Diplom Psychologen \u2714 Heilpraktiker f\u00fcr Psychotherapie \u2714 Psychotherapeuten \u2714 Psychologische Berater bei Vistano Psychologie.","potentialAction":[{"@type":"SearchAction","target":{"@type":"EntryPoint","urlTemplate":"https:\/\/gesundheitsberatung.com\/psychologie\/?s={search_term_string}"},"query-input":{"@type":"PropertyValueSpecification","valueRequired":true,"valueName":"search_term_string"}}],"inLanguage":"de"}]}},"_links":{"self":[{"href":"https:\/\/gesundheitsberatung.com\/psychologie\/wp-json\/wp\/v2\/product\/17616","targetHints":{"allow":["GET"]}}],"collection":[{"href":"https:\/\/gesundheitsberatung.com\/psychologie\/wp-json\/wp\/v2\/product"}],"about":[{"href":"https:\/\/gesundheitsberatung.com\/psychologie\/wp-json\/wp\/v2\/types\/product"}],"replies":[{"embeddable":true,"href":"https:\/\/gesundheitsberatung.com\/psychologie\/wp-json\/wp\/v2\/comments?post=17616"}],"wp:featuredmedia":[{"embeddable":true,"href":"https:\/\/gesundheitsberatung.com\/psychologie\/wp-json\/wp\/v2\/media\/22876"}],"wp:attachment":[{"href":"https:\/\/gesundheitsberatung.com\/psychologie\/wp-json\/wp\/v2\/media?parent=17616"}],"wp:term":[{"taxonomy":"product_cat","embeddable":true,"href":"https:\/\/gesundheitsberatung.com\/psychologie\/wp-json\/wp\/v2\/product_cat?post=17616"},{"taxonomy":"product_tag","embeddable":true,"href":"https:\/\/gesundheitsberatung.com\/psychologie\/wp-json\/wp\/v2\/product_tag?post=17616"}],"curies":[{"name":"wp","href":"https:\/\/api.w.org\/{rel}","templated":true}]}}