{"id":17579,"date":"2016-08-04T16:49:34","date_gmt":"2016-08-04T14:49:34","guid":{"rendered":"https:\/\/gesundheitsberatung.com\/psychologie\/?post_type=product&#038;p=17579"},"modified":"2020-01-22T14:32:57","modified_gmt":"2020-01-22T13:32:57","slug":"a-dogan","status":"publish","type":"product","link":"https:\/\/gesundheitsberatung.com\/psychologie\/online-beratung\/psychologische-berater\/a-dogan\/","title":{"rendered":"A. Dogan"},"content":{"rendered":"<p>Sobald du dir vertraust, sobald wei\u00dft du zu leben.<br \/>\nGoethe<\/p>\n<p>Herzlich Willkommen!<br \/>\n1969 habe ich das Licht der Welt erblickt. Schon fr\u00fch habe ich erlebt, dass sich die Menschen mir anvertrauen, selbst Fremde. Obwohl es hei\u00dft, dass man sich &#8220;von seiner Schokoladenseite&#8221; zeigt, erfuhr ich dies nicht so: schon bei der ersten Begegnung \u2013 sogar bei nur einmaligen sch\u00f6nen Unterhaltungen &#8211; dauerte es nicht lange, bis ich die privatesten, pr\u00e4gendsten Erlebnisse der Menschen erfahren durfte.<br \/>\nSo hat sich die Wahl meiner Hochschulstudienf\u00e4cher von ganz allein herauskristallisiert und meinen Beruf mit Menschen zu arbeiten, zur Berufung gemacht!<br \/>\nAll den sich mir anvertrauenden Menschen m\u00f6chte ich an dieser Stelle meinen Dank aussprechen!  : )<\/p>\n<p>\nIm Bereich der Online-Beratung biete ich Ihnen folgende Gebiete an:<\/p>\n<p>Paarberatung \/Paartherapie <br \/>\nBeratung f\u00fcr Homo- oder transsexuelle und deren Angeh\u00f6rige<br \/>\nPsychoanalytische Beratung<br \/>\nErziehungsberatung und Familienberatung\u00a0<br \/>\nKognitive Verhaltenstherapie<br \/>\nGespr\u00e4chspsychotherapie nach Rogers <br \/>\nAllgemeine Lebensberatung \/ Lebensorganisation <br \/>\nDepressive Verstimmungen <br \/>\nEinsamkeit<br \/>\nMotivation und Wohlbefinden<br \/>\nallgemeine Beziehungskonflikte (Partner, Freunde, Kollegen, Verwandtschaft) <br \/>\nBinationale Ehe- und Partnerberatung <br \/>\nKonfliktsituationen und deren Bew\u00e4ltigung <br \/>\nZeitmanagement \/ Arbeitsanleitung (Beruflich &amp; privat)<br \/>\nMobbing und Beruf<br \/>\nPr\u00fcfungsangst<br \/>\nOrdnung \/ Aufr\u00e4umen statt horten (im Kopf &amp; in den 4-W\u00e4nden)<br \/>\nInterkulturelle Beratung (arbeiten und leben mit Menschen aus anderen Kulturen) <br \/>\nMigrantInnenberatung \/ Kulturkonflikte <br \/>\nPR Beratung <br \/>\nRhetorik <br \/>\nBrainstorming <br \/>\nNLP \u00dcbungen <\/p>\n<p>Die Methode der Beratung besteht aus fundierten Fragen, die sich w\u00e4hrend unseres Gespr\u00e4ches stellen. Sie dienen dazu, dass der Ratsuchende sein &#8220;Thema&#8221; klarer sieht. <\/p>\n<p>Mein Beruf, der eine Berufung ist, dient dazu, Menschen beratend zu begleiten. Eine Beratung kann keine m\u00f6gliche Therapie oder Analyse ersetzen.  Ich freue mich sehr auf unser Gespr\u00e4ch! <\/p>\n<p>Herzliche Gr\u00fc\u00dfe Ihre Azur\u00a0Dogan<\/p>\n<p>Ich bin t\u00e4glich mit Pausen f\u00fcr Sie erreichbar. Die Kernzeit beginnt ab mittags.\u00a0<\/p>\n<p>Infos zu meinem Werdegang: <br \/>\nMagisterstudiengang Germanistik, Psychoanalyse, Erwachsenenbildung. Diplomstudiengang P\u00e4dagogik (Sozialp\u00e4dagogik\/Migranten- und Minderheitenforschung). Beginn Doktor-Arbeit \u00fcber Charakterneurosen. <\/p>\n<p>Zusatzqualifikationen: <br \/>\nNLP-Practitioner (Deutscher Verband f\u00fcr Neuro-Linguistisches Programmieren e.V.); PR-Beraterin\/\u00d6ffentlichkeitsreferentin; Gespr\u00e4chspsychotherapie nach Rogers; Paarberatung \/ Paartherapie. Kognitive Verhaltenstherapie, Motivierende Gespr\u00e4chsf\u00fchrung.  <br \/>\nBerufserfahrungen: bei Tr\u00e4gern, Verb\u00e4nden, Jugendamt (sozialp\u00e4dagogische Lernhilfe und Familienberatung). Management-T\u00e4tigkeit als Leiterin und Koordinatorin eines internationalen EU-Projekts. <br \/>\nNach Abschluss des Projekts, habe ich mich zu meinem 38. Geburtstag, durch Unterst\u00fctzung meines Ehemannes, selbst\u00e4ndig gemacht.<span class=\"display_none\">4864<\/span><\/p>\n","protected":false},"excerpt":{"rendered":"<p>Ich biete Paarberatung und -therapie, Gespr\u00e4chspsychotherapie nach Rogers, Lebensberatung und Motivation. Meine Spezialgebiete  sind Psychoanalytische Beratung, Partnerschaft, Homosexualit\u00e4t, Depressi<\/p>\n","protected":false},"featured_media":21602,"comment_status":"open","ping_status":"closed","template":"","meta":[],"product_cat":[],"product_tag":[],"class_list":["post-17579","product","type-product","status-publish","has-post-thumbnail","hentry","online_berater-psychologische-berater"],"yoast_head":"<!-- This site is optimized with the Yoast SEO plugin v26.0 - https:\/\/yoast.com\/wordpress\/plugins\/seo\/ -->\n<title>A. Dogan &#187; Psychologische Berater &#187; Vistano \u260e Beratung<\/title>\n<meta name=\"description\" content=\"Vistano Psychologische Berater &#187; Ich biete Paarberatung und -therapie, Gespr\u00e4chspsychotherapie nach Rogers, Lebensberatung und Motivation. Meine Spezialgebiete sind Psychoanalytische Beratung, Partnerschaft, Homosexualit\u00e4t, Depressi\" \/>\n<meta name=\"robots\" content=\"index, follow, max-snippet:-1, max-image-preview:large, max-video-preview:-1\" \/>\n<link rel=\"canonical\" href=\"https:\/\/gesundheitsberatung.com\/psychologie\/online-beratung\/psychologische-berater\/a-dogan\/\" \/>\n<meta property=\"og:locale\" content=\"de_DE\" \/>\n<meta property=\"og:type\" content=\"article\" \/>\n<meta property=\"og:title\" content=\"A. Dogan &#187; Psychologische Berater &#187; Vistano \u260e Beratung\" \/>\n<meta property=\"og:description\" content=\"Vistano Psychologische Berater &#187; Ich biete Paarberatung und -therapie, Gespr\u00e4chspsychotherapie nach Rogers, Lebensberatung und Motivation. Meine Spezialgebiete sind Psychoanalytische Beratung, Partnerschaft, Homosexualit\u00e4t, Depressi\" \/>\n<meta property=\"og:url\" content=\"https:\/\/gesundheitsberatung.com\/psychologie\/online-beratung\/psychologische-berater\/a-dogan\/\" \/>\n<meta property=\"og:site_name\" content=\"Psychologie\" \/>\n<meta property=\"article:publisher\" content=\"https:\/\/www.facebook.com\/psychologie\/\" \/>\n<meta property=\"article:modified_time\" content=\"2020-01-22T13:32:57+00:00\" \/>\n<meta property=\"og:image\" content=\"https:\/\/gesundheitsberatung.com\/psychologie\/wp-content\/uploads\/sites\/2\/a-dogan-psychologische-berater-vistano-berater-id-4864.jpg\" \/>\n\t<meta property=\"og:image:width\" content=\"800\" \/>\n\t<meta property=\"og:image:height\" content=\"800\" \/>\n\t<meta property=\"og:image:type\" content=\"image\/jpeg\" \/>\n<meta name=\"twitter:card\" content=\"summary_large_image\" \/>\n<meta name=\"twitter:site\" content=\"@Vistano\" \/>\n<script type=\"application\/ld+json\" class=\"yoast-schema-graph\">{\"@context\":\"https:\/\/schema.org\",\"@graph\":[{\"@type\":\"WebPage\",\"@id\":\"https:\/\/gesundheitsberatung.com\/psychologie\/online-beratung\/psychologische-berater\/a-dogan\/\",\"url\":\"https:\/\/gesundheitsberatung.com\/psychologie\/online-beratung\/psychologische-berater\/a-dogan\/\",\"name\":\"A. Dogan &#187; Psychologische Berater &#187; Vistano \u260e Beratung\",\"isPartOf\":{\"@id\":\"https:\/\/gesundheitsberatung.com\/psychologie\/#website\"},\"primaryImageOfPage\":{\"@id\":\"https:\/\/gesundheitsberatung.com\/psychologie\/online-beratung\/psychologische-berater\/a-dogan\/#primaryimage\"},\"image\":{\"@id\":\"https:\/\/gesundheitsberatung.com\/psychologie\/online-beratung\/psychologische-berater\/a-dogan\/#primaryimage\"},\"thumbnailUrl\":\"https:\/\/gesundheitsberatung.com\/psychologie\/wp-content\/uploads\/sites\/2\/a-dogan-psychologische-berater-vistano-berater-id-4864.jpg\",\"datePublished\":\"2016-08-04T14:49:34+00:00\",\"dateModified\":\"2020-01-22T13:32:57+00:00\",\"description\":\"Vistano Psychologische Berater &#187; Ich biete Paarberatung und -therapie, Gespr\u00e4chspsychotherapie nach Rogers, Lebensberatung und Motivation. Meine Spezialgebiete sind Psychoanalytische Beratung, Partnerschaft, Homosexualit\u00e4t, Depressi\",\"breadcrumb\":{\"@id\":\"https:\/\/gesundheitsberatung.com\/psychologie\/online-beratung\/psychologische-berater\/a-dogan\/#breadcrumb\"},\"inLanguage\":\"de\",\"potentialAction\":[{\"@type\":\"ReadAction\",\"target\":[\"https:\/\/gesundheitsberatung.com\/psychologie\/online-beratung\/psychologische-berater\/a-dogan\/\"]}]},{\"@type\":\"ImageObject\",\"inLanguage\":\"de\",\"@id\":\"https:\/\/gesundheitsberatung.com\/psychologie\/online-beratung\/psychologische-berater\/a-dogan\/#primaryimage\",\"url\":\"https:\/\/gesundheitsberatung.com\/psychologie\/wp-content\/uploads\/sites\/2\/a-dogan-psychologische-berater-vistano-berater-id-4864.jpg\",\"contentUrl\":\"https:\/\/gesundheitsberatung.com\/psychologie\/wp-content\/uploads\/sites\/2\/a-dogan-psychologische-berater-vistano-berater-id-4864.jpg\",\"width\":800,\"height\":800,\"caption\":\"Psychologische Berater A. Dogan - Berater-ID: 4864\"},{\"@type\":\"BreadcrumbList\",\"@id\":\"https:\/\/gesundheitsberatung.com\/psychologie\/online-beratung\/psychologische-berater\/a-dogan\/#breadcrumb\",\"itemListElement\":[{\"@type\":\"ListItem\",\"position\":1,\"name\":\"Home\",\"item\":\"https:\/\/gesundheitsberatung.com\/psychologie\/\"},{\"@type\":\"ListItem\",\"position\":2,\"name\":\"Produkte\",\"item\":\"https:\/\/gesundheitsberatung.com\/psychologie\/shop\/\"},{\"@type\":\"ListItem\",\"position\":3,\"name\":\"Online Beratung\",\"item\":\"https:\/\/gesundheitsberatung.com\/psychologie\/online_berater\/online-beratung\/\"},{\"@type\":\"ListItem\",\"position\":4,\"name\":\"Psychologische Berater\",\"item\":\"https:\/\/gesundheitsberatung.com\/psychologie\/online_berater\/psychologische-berater\/\"},{\"@type\":\"ListItem\",\"position\":5,\"name\":\"A. Dogan\"}]},{\"@type\":\"WebSite\",\"@id\":\"https:\/\/gesundheitsberatung.com\/psychologie\/#website\",\"url\":\"https:\/\/gesundheitsberatung.com\/psychologie\/\",\"name\":\"Psychologie\",\"description\":\"Psychologie \u260e Beratung durch Psychologen! Jetzt Gratis-Beratung sichern: \u2714 Diplom Psychologen \u2714 Heilpraktiker f\u00fcr Psychotherapie \u2714 Psychotherapeuten \u2714 Psychologische Berater bei Vistano Psychologie.\",\"potentialAction\":[{\"@type\":\"SearchAction\",\"target\":{\"@type\":\"EntryPoint\",\"urlTemplate\":\"https:\/\/gesundheitsberatung.com\/psychologie\/?s={search_term_string}\"},\"query-input\":{\"@type\":\"PropertyValueSpecification\",\"valueRequired\":true,\"valueName\":\"search_term_string\"}}],\"inLanguage\":\"de\"}]}<\/script>\n<!-- \/ Yoast SEO plugin. -->","yoast_head_json":{"title":"A. Dogan &#187; Psychologische Berater &#187; Vistano \u260e Beratung","description":"Vistano Psychologische Berater &#187; Ich biete Paarberatung und -therapie, Gespr\u00e4chspsychotherapie nach Rogers, Lebensberatung und Motivation. Meine Spezialgebiete sind Psychoanalytische Beratung, Partnerschaft, Homosexualit\u00e4t, Depressi","robots":{"index":"index","follow":"follow","max-snippet":"max-snippet:-1","max-image-preview":"max-image-preview:large","max-video-preview":"max-video-preview:-1"},"canonical":"https:\/\/gesundheitsberatung.com\/psychologie\/online-beratung\/psychologische-berater\/a-dogan\/","og_locale":"de_DE","og_type":"article","og_title":"A. Dogan &#187; Psychologische Berater &#187; Vistano \u260e Beratung","og_description":"Vistano Psychologische Berater &#187; Ich biete Paarberatung und -therapie, Gespr\u00e4chspsychotherapie nach Rogers, Lebensberatung und Motivation. Meine Spezialgebiete sind Psychoanalytische Beratung, Partnerschaft, Homosexualit\u00e4t, Depressi","og_url":"https:\/\/gesundheitsberatung.com\/psychologie\/online-beratung\/psychologische-berater\/a-dogan\/","og_site_name":"Psychologie","article_publisher":"https:\/\/www.facebook.com\/psychologie\/","article_modified_time":"2020-01-22T13:32:57+00:00","og_image":[{"width":800,"height":800,"url":"https:\/\/gesundheitsberatung.com\/psychologie\/wp-content\/uploads\/sites\/2\/a-dogan-psychologische-berater-vistano-berater-id-4864.jpg","type":"image\/jpeg"}],"twitter_card":"summary_large_image","twitter_site":"@Vistano","schema":{"@context":"https:\/\/schema.org","@graph":[{"@type":"WebPage","@id":"https:\/\/gesundheitsberatung.com\/psychologie\/online-beratung\/psychologische-berater\/a-dogan\/","url":"https:\/\/gesundheitsberatung.com\/psychologie\/online-beratung\/psychologische-berater\/a-dogan\/","name":"A. Dogan &#187; Psychologische Berater &#187; Vistano \u260e Beratung","isPartOf":{"@id":"https:\/\/gesundheitsberatung.com\/psychologie\/#website"},"primaryImageOfPage":{"@id":"https:\/\/gesundheitsberatung.com\/psychologie\/online-beratung\/psychologische-berater\/a-dogan\/#primaryimage"},"image":{"@id":"https:\/\/gesundheitsberatung.com\/psychologie\/online-beratung\/psychologische-berater\/a-dogan\/#primaryimage"},"thumbnailUrl":"https:\/\/gesundheitsberatung.com\/psychologie\/wp-content\/uploads\/sites\/2\/a-dogan-psychologische-berater-vistano-berater-id-4864.jpg","datePublished":"2016-08-04T14:49:34+00:00","dateModified":"2020-01-22T13:32:57+00:00","description":"Vistano Psychologische Berater &#187; Ich biete Paarberatung und -therapie, Gespr\u00e4chspsychotherapie nach Rogers, Lebensberatung und Motivation. Meine Spezialgebiete sind Psychoanalytische Beratung, Partnerschaft, Homosexualit\u00e4t, Depressi","breadcrumb":{"@id":"https:\/\/gesundheitsberatung.com\/psychologie\/online-beratung\/psychologische-berater\/a-dogan\/#breadcrumb"},"inLanguage":"de","potentialAction":[{"@type":"ReadAction","target":["https:\/\/gesundheitsberatung.com\/psychologie\/online-beratung\/psychologische-berater\/a-dogan\/"]}]},{"@type":"ImageObject","inLanguage":"de","@id":"https:\/\/gesundheitsberatung.com\/psychologie\/online-beratung\/psychologische-berater\/a-dogan\/#primaryimage","url":"https:\/\/gesundheitsberatung.com\/psychologie\/wp-content\/uploads\/sites\/2\/a-dogan-psychologische-berater-vistano-berater-id-4864.jpg","contentUrl":"https:\/\/gesundheitsberatung.com\/psychologie\/wp-content\/uploads\/sites\/2\/a-dogan-psychologische-berater-vistano-berater-id-4864.jpg","width":800,"height":800,"caption":"Psychologische Berater A. Dogan - Berater-ID: 4864"},{"@type":"BreadcrumbList","@id":"https:\/\/gesundheitsberatung.com\/psychologie\/online-beratung\/psychologische-berater\/a-dogan\/#breadcrumb","itemListElement":[{"@type":"ListItem","position":1,"name":"Home","item":"https:\/\/gesundheitsberatung.com\/psychologie\/"},{"@type":"ListItem","position":2,"name":"Produkte","item":"https:\/\/gesundheitsberatung.com\/psychologie\/shop\/"},{"@type":"ListItem","position":3,"name":"Online Beratung","item":"https:\/\/gesundheitsberatung.com\/psychologie\/online_berater\/online-beratung\/"},{"@type":"ListItem","position":4,"name":"Psychologische Berater","item":"https:\/\/gesundheitsberatung.com\/psychologie\/online_berater\/psychologische-berater\/"},{"@type":"ListItem","position":5,"name":"A. Dogan"}]},{"@type":"WebSite","@id":"https:\/\/gesundheitsberatung.com\/psychologie\/#website","url":"https:\/\/gesundheitsberatung.com\/psychologie\/","name":"Psychologie","description":"Psychologie \u260e Beratung durch Psychologen! Jetzt Gratis-Beratung sichern: \u2714 Diplom Psychologen \u2714 Heilpraktiker f\u00fcr Psychotherapie \u2714 Psychotherapeuten \u2714 Psychologische Berater bei Vistano Psychologie.","potentialAction":[{"@type":"SearchAction","target":{"@type":"EntryPoint","urlTemplate":"https:\/\/gesundheitsberatung.com\/psychologie\/?s={search_term_string}"},"query-input":{"@type":"PropertyValueSpecification","valueRequired":true,"valueName":"search_term_string"}}],"inLanguage":"de"}]}},"_links":{"self":[{"href":"https:\/\/gesundheitsberatung.com\/psychologie\/wp-json\/wp\/v2\/product\/17579","targetHints":{"allow":["GET"]}}],"collection":[{"href":"https:\/\/gesundheitsberatung.com\/psychologie\/wp-json\/wp\/v2\/product"}],"about":[{"href":"https:\/\/gesundheitsberatung.com\/psychologie\/wp-json\/wp\/v2\/types\/product"}],"replies":[{"embeddable":true,"href":"https:\/\/gesundheitsberatung.com\/psychologie\/wp-json\/wp\/v2\/comments?post=17579"}],"wp:featuredmedia":[{"embeddable":true,"href":"https:\/\/gesundheitsberatung.com\/psychologie\/wp-json\/wp\/v2\/media\/21602"}],"wp:attachment":[{"href":"https:\/\/gesundheitsberatung.com\/psychologie\/wp-json\/wp\/v2\/media?parent=17579"}],"wp:term":[{"taxonomy":"product_cat","embeddable":true,"href":"https:\/\/gesundheitsberatung.com\/psychologie\/wp-json\/wp\/v2\/product_cat?post=17579"},{"taxonomy":"product_tag","embeddable":true,"href":"https:\/\/gesundheitsberatung.com\/psychologie\/wp-json\/wp\/v2\/product_tag?post=17579"}],"curies":[{"name":"wp","href":"https:\/\/api.w.org\/{rel}","templated":true}]}}