{"id":4184,"date":"2013-06-08T23:28:38","date_gmt":"2013-06-08T21:28:38","guid":{"rendered":"http:\/\/gesundheitsberatung.com\/psychologie\/?page_id=4184"},"modified":"2018-02-02T15:14:53","modified_gmt":"2018-02-02T14:14:53","slug":"psychologen-mangel-in-deutschland","status":"publish","type":"page","link":"https:\/\/gesundheitsberatung.com\/psychologie\/psychologen-mangel-in-deutschland\/","title":{"rendered":"Psychologen Mangel in Deutschland?"},"content":{"rendered":"<p>[av_layerslider id=&#8217;8&#8242;]<\/p>\n<div  class='flex_column av-av_one_full-2a9015ff38129c418a3f2eafba3e9512 av_one_full first flex_column_div  '     ><p>\n<style type=\"text\/css\" data-created_by=\"avia_inline_auto\" id=\"style-css-av-av_heading-c7f5aa18161719f93d76a903707caa6c\">\n#top .av-special-heading.av-av_heading-c7f5aa18161719f93d76a903707caa6c{\npadding-bottom:0;\n}\nbody .av-special-heading.av-av_heading-c7f5aa18161719f93d76a903707caa6c .av-special-heading-tag .heading-char{\nfont-size:25px;\n}\n.av-special-heading.av-av_heading-c7f5aa18161719f93d76a903707caa6c .av-subheading{\nfont-size:16px;\n}\n<\/style>\n<div  class='av-special-heading av-av_heading-c7f5aa18161719f93d76a903707caa6c av-special-heading-h1 blockquote modern-quote'><h1 class='av-special-heading-tag'  itemprop=\"headline\"  >Psychologen Mangel in Deutschland<\/h1><div class='av-subheading av-subheading_below'><p>Bei Terminen f\u00fcr eine psychotherapeutische Behandlung besteht in Deutschland eine drastische Unterversorgung<\/p>\n<\/div><div class=\"special-heading-border\"><div class=\"special-heading-inner-border\"><\/div><\/div><\/div><br \/>\n<div  class='hr av-av_hr-d3021aff4e2c88ff75459fd6b3a45a12 hr-default'><span class='hr-inner '><span class=\"hr-inner-style\"><\/span><\/span><\/div><\/p><\/div><div  class='flex_column av-av_one_half-2a9015ff38129c418a3f2eafba3e9512 av_one_half first flex_column_div  '     ><style type=\"text\/css\" data-created_by=\"avia_inline_auto\" id=\"style-css-av-av_image-31e9ef4f40e625ac90a56177050f7a18\">\n.avia-image-container.av-av_image-31e9ef4f40e625ac90a56177050f7a18 img.avia_image{\nbox-shadow:none;\n}\n.avia-image-container.av-av_image-31e9ef4f40e625ac90a56177050f7a18 .av-image-caption-overlay-center{\ncolor:#ffffff;\n}\n<\/style>\n<div  class='avia-image-container av-av_image-31e9ef4f40e625ac90a56177050f7a18 av-styling- avia-align-center'   itemprop=\"image\" itemscope=\"itemscope\" itemtype=\"https:\/\/schema.org\/ImageObject\" ><div class=\"avia-image-container-inner\"><div class=\"avia-image-overlay-wrap\"><img decoding=\"async\" width=\"495\" height=\"400\" fetchpriority=\"high\" class='wp-image-4201 avia-img-lazy-loading-not-4201 avia_image ' src=\"http:\/\/gesundheitsberatung.com\/psychologie\/wp-content\/uploads\/sites\/2\/psychologen-mangel-in-deutschland-495x400.jpg\" alt='Psychologen Mangel in Deutschland' title='Psychologen Mangel in Deutschland'   itemprop=\"thumbnailUrl\" srcset=\"https:\/\/gesundheitsberatung.com\/psychologie\/wp-content\/uploads\/sites\/2\/psychologen-mangel-in-deutschland-495x400.jpg 495w, https:\/\/gesundheitsberatung.com\/psychologie\/wp-content\/uploads\/sites\/2\/psychologen-mangel-in-deutschland-710x575.jpg 710w\" sizes=\"(max-width: 495px) 100vw, 495px\" \/><\/div><\/div><\/div><\/div><\/p>\n\n<style type=\"text\/css\" data-created_by=\"avia_inline_auto\" id=\"style-css-av-av_one_half-0aa7055fe62c3622faec82866afbaeb2\">\n.flex_column.av-av_one_half-0aa7055fe62c3622faec82866afbaeb2{\nborder-radius:0px 0px 0px 0px;\npadding:0px 0px 0px 0px;\n}\n<\/style>\n<div  class='flex_column av-av_one_half-0aa7055fe62c3622faec82866afbaeb2 av_one_half flex_column_div av-zero-column-padding  '     ><section  class='av_textblock_section av-av_textblock-aaf3a53f7e22769a7798f31e42769683 '   itemscope=\"itemscope\" itemtype=\"https:\/\/schema.org\/CreativeWork\" ><div class='avia_textblock'  itemprop=\"text\" ><h3>Versorgungsdefizit Psychotherapie<\/h3>\n<p><a title=\"Psychologen Mangel in Deutschland\" href=\"http:\/\/www.spiegel.de\/gesundheit\/psychologie\/psychotherapie-warum-es-zu-wenige-psychologen-in-deutschland-gibt-a-820748.html\" target=\"_blank\" rel=\"noopener\">&#8220;Psychologen-Mangel in Deutschland: Therapeut verzweifelt gesucht&#8221;<\/a>. So titelte\u00a0Jens Lubbadeh auf Spiegel Online, denn Begriffe wie Burnout, Mobbing und Depression geh\u00f6ren mittlerweile zum &#8220;guten Ton&#8221; des t\u00e4glichen Lebens. Die Zahl der psychischen Erkrankungen nimmt nicht drastisch zu und die Versorgung durch die abnehmende Zahl niedergelassener Psychologen funktioniert nicht mehr.<\/p>\n<p>Die Wartelisten in den Praxen werden l\u00e4nger und l\u00e4nger, selbst Patienten in noch gut versorgten Gebieten, m\u00fcssen drei Monate und l\u00e4nger auf eine Therapie warten. Dieser Zustand ist besonders f\u00fcr Betroffene im psychologisch-therapeutischen Bereich eine unzumutbare Belastung, die Erkrankungen oft noch verschlimmert.<\/p>\n<\/div><\/section><\/div>\n<div  class='hr av-av_hr-d3021aff4e2c88ff75459fd6b3a45a12 hr-default'><span class='hr-inner '><span class=\"hr-inner-style\"><\/span><\/span><\/div>\n<div  class='flex_column av-av_one_full-2a9015ff38129c418a3f2eafba3e9512 av_one_full first flex_column_div  '     ><section  class='av_textblock_section av-av_textblock-aaf3a53f7e22769a7798f31e42769683 '   itemscope=\"itemscope\" itemtype=\"https:\/\/schema.org\/CreativeWork\" ><div class='avia_textblock'  itemprop=\"text\" ><h3>Die Krankenassen blocken<\/h3>\n<p>Wie entstand dieses Versorgungsdefizit? Einer der Hauptgr\u00fcnde hierf\u00fcr ist die Haltung der Krankenkassen, die seit Jahren keine neuen psychologischen Praxen mit Kassenzulassung mehr genehmigen. Die Folge ist gleichbedeutend auch ein \u00dcberangebot an Psychologen, denn auf eine aufgegebene Praxis bewerben sich inzwischen 5-10 junge Psychologen, die dann f\u00fcr die \u00dcbernahme der Praxis leicht 50.000 Euro und mehr zahlen m\u00fcssen. Die \u00fcbrigen Jungpsychologen fl\u00fcchten sich in die &#8220;Wirtschaft&#8221; und praktizieren meist als Coaches oder versuchen sich mit einer Privatpraxis. Diese zunehmende Privatisierung des psychologisch-therapeutischen Bereichs stellt sowohl Patienten wie auch den Therapeuten vor viele Herausforderungen und entzieht den Bed\u00fcrftigen einen freien Zugang zum Gesundheitswesen.<\/p>\n<\/div><\/section><\/div>\n<div  class='hr av-av_hr-d3021aff4e2c88ff75459fd6b3a45a12 hr-default'><span class='hr-inner '><span class=\"hr-inner-style\"><\/span><\/span><\/div>\n<div  class='flex_column av-av_one_full-2a9015ff38129c418a3f2eafba3e9512 av_one_full first flex_column_div  '     ><section  class='av_textblock_section av-av_textblock-aaf3a53f7e22769a7798f31e42769683 '   itemscope=\"itemscope\" itemtype=\"https:\/\/schema.org\/CreativeWork\" ><div class='avia_textblock'  itemprop=\"text\" ><h3>Was bleibt dem Patienten?<\/h3>\n<p>Der Patient bleibt letztlich auf der Strecke, es sei denn,\u00a0er ist bereit seine Behandlung privat zu finanzieren. Kosten f\u00fcr Therapeuten ohne Kassenzulassung \u00fcbernimmt die Krankenkasse zum einen\u00a0erst nach einer ausf\u00fchrlichen Begr\u00fcndung des Hausarztes, der\u00a0begr\u00fcnden muss, warum die Wartezeit unzumutbar ist und zum anderen\u00a0einer Absage von 15 Kassentherapeuten, die zeitlich kaum noch in der Lage sind eine solche Absage schriftlich zu formulieren. Je strukturschw\u00e4cher die Region, desto desolater ist die Versorgungssituation.<\/p>\n<\/div><\/section><\/div>\n<div  class='hr av-av_hr-d3021aff4e2c88ff75459fd6b3a45a12 hr-default'><span class='hr-inner '><span class=\"hr-inner-style\"><\/span><\/span><\/div>\n<div  class='flex_column av-av_one_full-2a9015ff38129c418a3f2eafba3e9512 av_one_full first flex_column_div  '     ><section  class='av_textblock_section av-av_textblock-aaf3a53f7e22769a7798f31e42769683 '   itemscope=\"itemscope\" itemtype=\"https:\/\/schema.org\/CreativeWork\" ><div class='avia_textblock'  itemprop=\"text\" ><h3>Zukunftsaussichten<\/h3>\n<p>Laut der <a title=\"Bundespsychologenkammer\" href=\"http:\/\/www.bptk.de\" target=\"_blank\" rel=\"noopener\">Bundes-Psychotherapeuten Kammer<\/a>\u00a0wird sich die Situation noch in 2013 deutlich versch\u00e4rfen. Ursache hierf\u00fcr ist der Honorarkompromiss von \u00c4rzten und Krankenkassen. Laut deren Bedarfsplanung k\u00f6nnten rund 5.700 von 23.000 der psychotherapeutischen Praxen abgebaut werden, also jede 4. Praxis. Die Realit\u00e4t der Patienten sieht dagegen so aus, dass fast jeder dritte die Suche nach einem geeigneten Therapeuten aufgibt.<\/p>\n<\/div><\/section><\/div>\n<div  class='hr av-av_hr-d3021aff4e2c88ff75459fd6b3a45a12 hr-default'><span class='hr-inner '><span class=\"hr-inner-style\"><\/span><\/span><\/div>\n<div  class='flex_column av-av_one_half-2a9015ff38129c418a3f2eafba3e9512 av_one_half first flex_column_div  '     ><section  class='av_textblock_section av-av_textblock-aaf3a53f7e22769a7798f31e42769683 '   itemscope=\"itemscope\" itemtype=\"https:\/\/schema.org\/CreativeWork\" ><div class='avia_textblock'  itemprop=\"text\" ><h3>Moderne Alternativen bieten die L\u00f6sung<\/h3>\n<p>Immer mehr Hilfesuchende wenden sich auf Ihrer Suche nach Unterst\u00fctzung den neuen Medien zu, die schnelle, flexible und dauerhafte Online-Therapie anbieten. Eindrucksvoll belegt dies unsere <a title=\"Psychologie auf Facebook\" href=\"http:\/\/www.facebook.de\/psychologie\" target=\"_blank\" rel=\"noopener\">Facebook Seite<\/a>\u00a0<span style=\"font-size: 1em;\">mit mehr als 60.000 Teilnehmern und einer Verbreitung, die weit in den sechsstelligen Bereich reicht. Betrachtet man den Freundeskreis der Teilnehmer, die direkt an den Aktivit\u00e4ten teilhaben erreicht die Seite mehr als 12 Millionen Menschen. <\/span><\/p>\n<p>Direkt nach dem Kontakt findet ein Interessent den Zugang zu einem umfangreichen Informationsportal, auf dem wiederum passende Online-Therapie durch Fachleute angeboten wird. Das steigende Interesse an Psychologie im Online Bereich ist auch ein Indiz f\u00fcr den steigenden Bedarf an Therapie. Viele Menschen scheuen den so wichtigen Schritt zu einer Therapie.\u00a0Betroffene, Interessierte und Angeh\u00f6rige sind nach unserer Erfahrung gehemmt, unzureichend Informiert und teilweise verzweifelt.<\/p>\n<\/div><\/section><\/div>\n\n<style type=\"text\/css\" data-created_by=\"avia_inline_auto\" id=\"style-css-av-av_one_half-0aa7055fe62c3622faec82866afbaeb2\">\n.flex_column.av-av_one_half-0aa7055fe62c3622faec82866afbaeb2{\nborder-radius:0px 0px 0px 0px;\npadding:0px 0px 0px 0px;\n}\n<\/style>\n<div  class='flex_column av-av_one_half-0aa7055fe62c3622faec82866afbaeb2 av_one_half flex_column_div av-zero-column-padding  '     ><section  class='av_textblock_section av-av_textblock-aaf3a53f7e22769a7798f31e42769683 '   itemscope=\"itemscope\" itemtype=\"https:\/\/schema.org\/CreativeWork\" ><div class='avia_textblock'  itemprop=\"text\" ><h3>Online statt Couch<\/h3>\n<p>Dass gute Psychotherapie des pers\u00f6nlichen Kontakts bedarf, gilt bei Fachleuten als unabdingbar. Anders sehen das allerdings die Patienten, denn aktuelle <a title=\"Studien zur Online Psychologie\" href=\"http:\/\/gesundheitsberatung.com\/psychologie\/studien-zur-online-psychologie\/\">Studien<\/a> zeigen ein anderes Bild. Bestehende Methoden, Online tauglich aufbereitet erzielen hervorragende Ergebnisse und verbessern die Situation f\u00fcr alle Beteiligten nachhaltig. Unter anderen \u00a0die Internet basierte psychodynamischen Therapie (IPDT), die ambulante Internet-Therapie, sowie \u00a0die telefonische kognitive Verhaltenstherapie auch &#8220;T-CBT&#8221; genannt. Untersuchungen zeigen: Die Behandlung per Telefon hat gleiche Heilerfolge und sie schl\u00e4gt die Couch-Therapie sogar in einigen Punkten! So gibt es bei kognitiver Verhaltenstherapie (CBT), einer der wichtigsten Heilmethoden per Telefon, \u00fcber ein Drittel weniger Abbr\u00fcche, da der Zugang zur Therapie vereinfacht und weniger zeitaufw\u00e4ndig ist. Zus\u00e4tzlich entf\u00e4llt die Schwellenangst des direkten Kontaktes mit dem Therapeuten. Studien zum Erfolg von Online Therapie findest du\u00a0<a title=\"Studien zur Online Psychologie\" href=\"http:\/\/gesundheitsberatung.com\/psychologie\/studien-zur-online-psychologie\/\">hier<\/a>.<\/p>\n<\/div><\/section><\/div>\n<div  class='hr av-av_hr-d3021aff4e2c88ff75459fd6b3a45a12 hr-default'><span class='hr-inner '><span class=\"hr-inner-style\"><\/span><\/span><\/div>\n<div  class='flex_column av-av_one_full-2a9015ff38129c418a3f2eafba3e9512 av_one_full first flex_column_div  '     ><section  class='av_textblock_section av-av_textblock-aaf3a53f7e22769a7798f31e42769683 '   itemscope=\"itemscope\" itemtype=\"https:\/\/schema.org\/CreativeWork\" ><div class='avia_textblock'  itemprop=\"text\" ><h3>Online Therapie &#8211; Unsere Kernkompetenz<\/h3>\n<p>Die isee newmedia GmbH bietet mit Vistano mit der gesammelten Erfahrung von nunmehr 10 Jahren die Vermittlung telefonischer Beratungsleistung an. Das Konzept basiert auf der dezentralen Verteilung der Beratungskompetenz in die Praxis oder den Privatbereich des Beraters. So wird eine 365 Tage \/ 24 Stunden Versorgung gegen\u00fcber dem Hilfesuchenden sichergestellt. Vistano stellt sowohl dem Berater, als auch dem Hilfesuchenden eine ausgereifte, technische und personelle Logistik f\u00fcr die Kontaktaufnahme zur Verf\u00fcgung, die den einfachen Kundenzugang \u00fcber eine zentrale Applikation mit Internet, Telefon und Service-Center garantiert. Die Abrechnung der erbrachten Dienstleistung wird ausserdem vollst\u00e4ndig von Vistano durchgef\u00fchrt und garantiert beiden Seiten Transparenz und Sicherheit.<\/p>\n<\/div><\/section><\/div>\n","protected":false},"excerpt":{"rendered":"<p>Begriffe wie Burnout, Mobbing und Depression geh\u00f6ren mittlerweile zum &#8220;guten Ton&#8221; des t\u00e4glichen Lebens. Die Zahl der psychischen Erkrankungen nimmt nicht drastisch zu und die Versorgung durch die abnehmende Zahl niedergelassener Psychologen funktioniert nicht mehr.<\/p>\n","protected":false},"author":3,"featured_media":4201,"parent":0,"menu_order":0,"comment_status":"closed","ping_status":"open","template":"","meta":{"footnotes":""},"class_list":["post-4184","page","type-page","status-publish","has-post-thumbnail","hentry"],"yoast_head":"<!-- This site is optimized with the Yoast SEO plugin v26.0 - https:\/\/yoast.com\/wordpress\/plugins\/seo\/ -->\n<title>Psychologen Mangel in Deutschland? &#187; Psychologie<\/title>\n<meta name=\"description\" content=\"Psychischen Erkrankungen nehmen drastisch zu und die Versorgung durch die abnehmende Zahl niedergelassener Psychologen funktioniert nicht mehr...\" \/>\n<meta name=\"robots\" content=\"index, follow, max-snippet:-1, max-image-preview:large, max-video-preview:-1\" \/>\n<link rel=\"canonical\" href=\"https:\/\/gesundheitsberatung.com\/psychologie\/psychologen-mangel-in-deutschland\/\" \/>\n<meta property=\"og:locale\" content=\"de_DE\" \/>\n<meta property=\"og:type\" content=\"article\" \/>\n<meta property=\"og:title\" content=\"Psychologen Mangel in Deutschland? &#187; Psychologie\" \/>\n<meta property=\"og:description\" content=\"Psychischen Erkrankungen nehmen drastisch zu und die Versorgung durch die abnehmende Zahl niedergelassener Psychologen funktioniert nicht mehr...\" \/>\n<meta property=\"og:url\" content=\"https:\/\/gesundheitsberatung.com\/psychologie\/psychologen-mangel-in-deutschland\/\" \/>\n<meta property=\"og:site_name\" content=\"Psychologie\" \/>\n<meta property=\"article:publisher\" content=\"https:\/\/www.facebook.com\/psychologie\/\" \/>\n<meta property=\"article:modified_time\" content=\"2018-02-02T14:14:53+00:00\" \/>\n<meta property=\"og:image\" content=\"https:\/\/gesundheitsberatung.com\/psychologie\/wp-content\/uploads\/sites\/2\/psychologen-mangel-in-deutschland.jpg\" \/>\n\t<meta property=\"og:image:width\" content=\"1024\" \/>\n\t<meta property=\"og:image:height\" content=\"683\" \/>\n\t<meta property=\"og:image:type\" content=\"image\/jpeg\" \/>\n<meta name=\"twitter:card\" content=\"summary_large_image\" \/>\n<meta name=\"twitter:site\" content=\"@Vistano\" \/>\n<script type=\"application\/ld+json\" class=\"yoast-schema-graph\">{\"@context\":\"https:\/\/schema.org\",\"@graph\":[{\"@type\":\"WebPage\",\"@id\":\"https:\/\/gesundheitsberatung.com\/psychologie\/psychologen-mangel-in-deutschland\/\",\"url\":\"https:\/\/gesundheitsberatung.com\/psychologie\/psychologen-mangel-in-deutschland\/\",\"name\":\"Psychologen Mangel in Deutschland? &#187; Psychologie\",\"isPartOf\":{\"@id\":\"https:\/\/gesundheitsberatung.com\/psychologie\/#website\"},\"primaryImageOfPage\":{\"@id\":\"https:\/\/gesundheitsberatung.com\/psychologie\/psychologen-mangel-in-deutschland\/#primaryimage\"},\"image\":{\"@id\":\"https:\/\/gesundheitsberatung.com\/psychologie\/psychologen-mangel-in-deutschland\/#primaryimage\"},\"thumbnailUrl\":\"https:\/\/gesundheitsberatung.com\/psychologie\/wp-content\/uploads\/sites\/2\/psychologen-mangel-in-deutschland.jpg\",\"datePublished\":\"2013-06-08T21:28:38+00:00\",\"dateModified\":\"2018-02-02T14:14:53+00:00\",\"description\":\"Psychischen Erkrankungen nehmen drastisch zu und die Versorgung durch die abnehmende Zahl niedergelassener Psychologen funktioniert nicht mehr...\",\"breadcrumb\":{\"@id\":\"https:\/\/gesundheitsberatung.com\/psychologie\/psychologen-mangel-in-deutschland\/#breadcrumb\"},\"inLanguage\":\"de\",\"potentialAction\":[{\"@type\":\"ReadAction\",\"target\":[\"https:\/\/gesundheitsberatung.com\/psychologie\/psychologen-mangel-in-deutschland\/\"]}]},{\"@type\":\"ImageObject\",\"inLanguage\":\"de\",\"@id\":\"https:\/\/gesundheitsberatung.com\/psychologie\/psychologen-mangel-in-deutschland\/#primaryimage\",\"url\":\"https:\/\/gesundheitsberatung.com\/psychologie\/wp-content\/uploads\/sites\/2\/psychologen-mangel-in-deutschland.jpg\",\"contentUrl\":\"https:\/\/gesundheitsberatung.com\/psychologie\/wp-content\/uploads\/sites\/2\/psychologen-mangel-in-deutschland.jpg\",\"width\":1024,\"height\":683,\"caption\":\"Psychologen Mangel in Deutschland\"},{\"@type\":\"BreadcrumbList\",\"@id\":\"https:\/\/gesundheitsberatung.com\/psychologie\/psychologen-mangel-in-deutschland\/#breadcrumb\",\"itemListElement\":[{\"@type\":\"ListItem\",\"position\":1,\"name\":\"Home\",\"item\":\"https:\/\/gesundheitsberatung.com\/psychologie\/\"},{\"@type\":\"ListItem\",\"position\":2,\"name\":\"Psychologen Mangel in Deutschland?\"}]},{\"@type\":\"WebSite\",\"@id\":\"https:\/\/gesundheitsberatung.com\/psychologie\/#website\",\"url\":\"https:\/\/gesundheitsberatung.com\/psychologie\/\",\"name\":\"Psychologie\",\"description\":\"Psychologie \u260e Beratung durch Psychologen! Jetzt Gratis-Beratung sichern: \u2714 Diplom Psychologen \u2714 Heilpraktiker f\u00fcr Psychotherapie \u2714 Psychotherapeuten \u2714 Psychologische Berater bei Vistano Psychologie.\",\"potentialAction\":[{\"@type\":\"SearchAction\",\"target\":{\"@type\":\"EntryPoint\",\"urlTemplate\":\"https:\/\/gesundheitsberatung.com\/psychologie\/?s={search_term_string}\"},\"query-input\":{\"@type\":\"PropertyValueSpecification\",\"valueRequired\":true,\"valueName\":\"search_term_string\"}}],\"inLanguage\":\"de\"}]}<\/script>\n<!-- \/ Yoast SEO plugin. -->","yoast_head_json":{"title":"Psychologen Mangel in Deutschland? &#187; Psychologie","description":"Psychischen Erkrankungen nehmen drastisch zu und die Versorgung durch die abnehmende Zahl niedergelassener Psychologen funktioniert nicht mehr...","robots":{"index":"index","follow":"follow","max-snippet":"max-snippet:-1","max-image-preview":"max-image-preview:large","max-video-preview":"max-video-preview:-1"},"canonical":"https:\/\/gesundheitsberatung.com\/psychologie\/psychologen-mangel-in-deutschland\/","og_locale":"de_DE","og_type":"article","og_title":"Psychologen Mangel in Deutschland? &#187; Psychologie","og_description":"Psychischen Erkrankungen nehmen drastisch zu und die Versorgung durch die abnehmende Zahl niedergelassener Psychologen funktioniert nicht mehr...","og_url":"https:\/\/gesundheitsberatung.com\/psychologie\/psychologen-mangel-in-deutschland\/","og_site_name":"Psychologie","article_publisher":"https:\/\/www.facebook.com\/psychologie\/","article_modified_time":"2018-02-02T14:14:53+00:00","og_image":[{"width":1024,"height":683,"url":"https:\/\/gesundheitsberatung.com\/psychologie\/wp-content\/uploads\/sites\/2\/psychologen-mangel-in-deutschland.jpg","type":"image\/jpeg"}],"twitter_card":"summary_large_image","twitter_site":"@Vistano","schema":{"@context":"https:\/\/schema.org","@graph":[{"@type":"WebPage","@id":"https:\/\/gesundheitsberatung.com\/psychologie\/psychologen-mangel-in-deutschland\/","url":"https:\/\/gesundheitsberatung.com\/psychologie\/psychologen-mangel-in-deutschland\/","name":"Psychologen Mangel in Deutschland? &#187; Psychologie","isPartOf":{"@id":"https:\/\/gesundheitsberatung.com\/psychologie\/#website"},"primaryImageOfPage":{"@id":"https:\/\/gesundheitsberatung.com\/psychologie\/psychologen-mangel-in-deutschland\/#primaryimage"},"image":{"@id":"https:\/\/gesundheitsberatung.com\/psychologie\/psychologen-mangel-in-deutschland\/#primaryimage"},"thumbnailUrl":"https:\/\/gesundheitsberatung.com\/psychologie\/wp-content\/uploads\/sites\/2\/psychologen-mangel-in-deutschland.jpg","datePublished":"2013-06-08T21:28:38+00:00","dateModified":"2018-02-02T14:14:53+00:00","description":"Psychischen Erkrankungen nehmen drastisch zu und die Versorgung durch die abnehmende Zahl niedergelassener Psychologen funktioniert nicht mehr...","breadcrumb":{"@id":"https:\/\/gesundheitsberatung.com\/psychologie\/psychologen-mangel-in-deutschland\/#breadcrumb"},"inLanguage":"de","potentialAction":[{"@type":"ReadAction","target":["https:\/\/gesundheitsberatung.com\/psychologie\/psychologen-mangel-in-deutschland\/"]}]},{"@type":"ImageObject","inLanguage":"de","@id":"https:\/\/gesundheitsberatung.com\/psychologie\/psychologen-mangel-in-deutschland\/#primaryimage","url":"https:\/\/gesundheitsberatung.com\/psychologie\/wp-content\/uploads\/sites\/2\/psychologen-mangel-in-deutschland.jpg","contentUrl":"https:\/\/gesundheitsberatung.com\/psychologie\/wp-content\/uploads\/sites\/2\/psychologen-mangel-in-deutschland.jpg","width":1024,"height":683,"caption":"Psychologen Mangel in Deutschland"},{"@type":"BreadcrumbList","@id":"https:\/\/gesundheitsberatung.com\/psychologie\/psychologen-mangel-in-deutschland\/#breadcrumb","itemListElement":[{"@type":"ListItem","position":1,"name":"Home","item":"https:\/\/gesundheitsberatung.com\/psychologie\/"},{"@type":"ListItem","position":2,"name":"Psychologen Mangel in Deutschland?"}]},{"@type":"WebSite","@id":"https:\/\/gesundheitsberatung.com\/psychologie\/#website","url":"https:\/\/gesundheitsberatung.com\/psychologie\/","name":"Psychologie","description":"Psychologie \u260e Beratung durch Psychologen! Jetzt Gratis-Beratung sichern: \u2714 Diplom Psychologen \u2714 Heilpraktiker f\u00fcr Psychotherapie \u2714 Psychotherapeuten \u2714 Psychologische Berater bei Vistano Psychologie.","potentialAction":[{"@type":"SearchAction","target":{"@type":"EntryPoint","urlTemplate":"https:\/\/gesundheitsberatung.com\/psychologie\/?s={search_term_string}"},"query-input":{"@type":"PropertyValueSpecification","valueRequired":true,"valueName":"search_term_string"}}],"inLanguage":"de"}]}},"_links":{"self":[{"href":"https:\/\/gesundheitsberatung.com\/psychologie\/wp-json\/wp\/v2\/pages\/4184","targetHints":{"allow":["GET"]}}],"collection":[{"href":"https:\/\/gesundheitsberatung.com\/psychologie\/wp-json\/wp\/v2\/pages"}],"about":[{"href":"https:\/\/gesundheitsberatung.com\/psychologie\/wp-json\/wp\/v2\/types\/page"}],"author":[{"embeddable":true,"href":"https:\/\/gesundheitsberatung.com\/psychologie\/wp-json\/wp\/v2\/users\/3"}],"replies":[{"embeddable":true,"href":"https:\/\/gesundheitsberatung.com\/psychologie\/wp-json\/wp\/v2\/comments?post=4184"}],"version-history":[{"count":0,"href":"https:\/\/gesundheitsberatung.com\/psychologie\/wp-json\/wp\/v2\/pages\/4184\/revisions"}],"wp:featuredmedia":[{"embeddable":true,"href":"https:\/\/gesundheitsberatung.com\/psychologie\/wp-json\/wp\/v2\/media\/4201"}],"wp:attachment":[{"href":"https:\/\/gesundheitsberatung.com\/psychologie\/wp-json\/wp\/v2\/media?parent=4184"}],"curies":[{"name":"wp","href":"https:\/\/api.w.org\/{rel}","templated":true}]}}