{"id":13509,"date":"2016-09-26T11:29:21","date_gmt":"2016-09-26T09:29:21","guid":{"rendered":"https:\/\/gesundheitsberatung.com\/ernaehrung\/?post_type=product&#038;p=13509"},"modified":"2020-01-22T14:26:22","modified_gmt":"2020-01-22T13:26:22","slug":"c-husingen","status":"publish","type":"product","link":"https:\/\/gesundheitsberatung.com\/ernaehrung\/online-beratung\/heilpraktiker\/c-husingen\/","title":{"rendered":"C. Husingen"},"content":{"rendered":"<p>Es kommt nicht immer darauf wie viel wir essen, sondern was wir essen und vor allem wie. Manchmal k\u00f6nnen es Kleinigkeiten sein die wir falsch machen und unser Verdauungssystem durcheinander bringen. So dass die Nahrung die uns Energie bringen soll, nicht richtig verwertet wird. In meiner Arbeit als Heilpraktikerin arbeite ich mit den Aspekten der traditionellen chinesischen Medizin und der Ern\u00e4hrung nach den 5-Elementen. So wird jeder in seiner Einzigartigkeit ber\u00fccksichtigt<br \/>\nDie psychologische Betrachtung des Problems geh\u00f6rt ebenfalls dazu. Warum brennt der Magen, brauche ich meinen Schutzpanzer?<br \/>\nNat\u00fcrlich auch der k\u00f6rperliche Aspekt muss mit einbezogen werden. Ist die Schilddr\u00fcse in Ordnung, sorgt eine Allergie f\u00fcr den Bl\u00e4hbauch oder vertrage ich keine Laktose?<\/p>\n<p>Sie sehen die Ursachen und M\u00f6glichkeiten sind vielschichtig. <br \/>\nWenn Sie m\u00f6chten schaue ich bei Ihnen was optimiert werden kann. <br \/>\n<span class=\"display_none\">5094<\/span><\/p>\n","protected":false},"excerpt":{"rendered":"<p>Biete kompetente Ern\u00e4hrungsberatung<\/p>\n","protected":false},"featured_media":16326,"comment_status":"open","ping_status":"closed","template":"","meta":[],"product_cat":[],"product_tag":[],"class_list":["post-13509","product","type-product","status-publish","has-post-thumbnail","hentry","online_berater-heilpraktiker"],"yoast_head":"<!-- This site is optimized with the Yoast SEO plugin v26.0 - https:\/\/yoast.com\/wordpress\/plugins\/seo\/ -->\n<title>C. Husingen &#187; Heilpraktiker &#187; Vistano \u260e Beratung<\/title>\n<meta name=\"description\" content=\"Vistano Heilpraktiker &#187; Biete kompetente Ern\u00e4hrungsberatung\" \/>\n<meta name=\"robots\" content=\"index, follow, max-snippet:-1, max-image-preview:large, max-video-preview:-1\" \/>\n<link rel=\"canonical\" href=\"https:\/\/gesundheitsberatung.com\/ernaehrung\/online-beratung\/heilpraktiker\/c-husingen\/\" \/>\n<meta property=\"og:locale\" content=\"de_DE\" \/>\n<meta property=\"og:type\" content=\"article\" \/>\n<meta property=\"og:title\" content=\"C. Husingen &#187; Heilpraktiker &#187; Vistano \u260e Beratung\" \/>\n<meta property=\"og:description\" content=\"Vistano Heilpraktiker &#187; Biete kompetente Ern\u00e4hrungsberatung\" \/>\n<meta property=\"og:url\" content=\"https:\/\/gesundheitsberatung.com\/ernaehrung\/online-beratung\/heilpraktiker\/c-husingen\/\" \/>\n<meta property=\"og:site_name\" content=\"Ern\u00e4hrung\" \/>\n<meta property=\"article:publisher\" content=\"https:\/\/www.facebook.com\/ernaehrung\/\" \/>\n<meta property=\"article:modified_time\" content=\"2020-01-22T13:26:22+00:00\" \/>\n<meta property=\"og:image\" content=\"https:\/\/gesundheitsberatung.com\/ernaehrung\/wp-content\/uploads\/sites\/3\/c-husingen-heilpraktiker-vistano-berater-id-5094.jpg\" \/>\n\t<meta property=\"og:image:width\" content=\"700\" \/>\n\t<meta property=\"og:image:height\" content=\"700\" \/>\n\t<meta property=\"og:image:type\" content=\"image\/jpeg\" \/>\n<meta name=\"twitter:card\" content=\"summary_large_image\" \/>\n<meta name=\"twitter:site\" content=\"@Vistano\" \/>\n<script type=\"application\/ld+json\" class=\"yoast-schema-graph\">{\"@context\":\"https:\/\/schema.org\",\"@graph\":[{\"@type\":\"WebPage\",\"@id\":\"https:\/\/gesundheitsberatung.com\/ernaehrung\/online-beratung\/heilpraktiker\/c-husingen\/\",\"url\":\"https:\/\/gesundheitsberatung.com\/ernaehrung\/online-beratung\/heilpraktiker\/c-husingen\/\",\"name\":\"C. Husingen &#187; Heilpraktiker &#187; Vistano \u260e Beratung\",\"isPartOf\":{\"@id\":\"https:\/\/gesundheitsberatung.com\/ernaehrung\/#website\"},\"primaryImageOfPage\":{\"@id\":\"https:\/\/gesundheitsberatung.com\/ernaehrung\/online-beratung\/heilpraktiker\/c-husingen\/#primaryimage\"},\"image\":{\"@id\":\"https:\/\/gesundheitsberatung.com\/ernaehrung\/online-beratung\/heilpraktiker\/c-husingen\/#primaryimage\"},\"thumbnailUrl\":\"https:\/\/gesundheitsberatung.com\/ernaehrung\/wp-content\/uploads\/sites\/3\/c-husingen-heilpraktiker-vistano-berater-id-5094.jpg\",\"datePublished\":\"2016-09-26T09:29:21+00:00\",\"dateModified\":\"2020-01-22T13:26:22+00:00\",\"description\":\"Vistano Heilpraktiker &#187; Biete kompetente Ern\u00e4hrungsberatung\",\"breadcrumb\":{\"@id\":\"https:\/\/gesundheitsberatung.com\/ernaehrung\/online-beratung\/heilpraktiker\/c-husingen\/#breadcrumb\"},\"inLanguage\":\"de\",\"potentialAction\":[{\"@type\":\"ReadAction\",\"target\":[\"https:\/\/gesundheitsberatung.com\/ernaehrung\/online-beratung\/heilpraktiker\/c-husingen\/\"]}]},{\"@type\":\"ImageObject\",\"inLanguage\":\"de\",\"@id\":\"https:\/\/gesundheitsberatung.com\/ernaehrung\/online-beratung\/heilpraktiker\/c-husingen\/#primaryimage\",\"url\":\"https:\/\/gesundheitsberatung.com\/ernaehrung\/wp-content\/uploads\/sites\/3\/c-husingen-heilpraktiker-vistano-berater-id-5094.jpg\",\"contentUrl\":\"https:\/\/gesundheitsberatung.com\/ernaehrung\/wp-content\/uploads\/sites\/3\/c-husingen-heilpraktiker-vistano-berater-id-5094.jpg\",\"width\":700,\"height\":700,\"caption\":\"Heilpraktiker C. Husingen - Berater-ID: 5094\"},{\"@type\":\"BreadcrumbList\",\"@id\":\"https:\/\/gesundheitsberatung.com\/ernaehrung\/online-beratung\/heilpraktiker\/c-husingen\/#breadcrumb\",\"itemListElement\":[{\"@type\":\"ListItem\",\"position\":1,\"name\":\"Home\",\"item\":\"https:\/\/gesundheitsberatung.com\/ernaehrung\/\"},{\"@type\":\"ListItem\",\"position\":2,\"name\":\"Produkte\",\"item\":\"https:\/\/gesundheitsberatung.com\/ernaehrung\/shop\/\"},{\"@type\":\"ListItem\",\"position\":3,\"name\":\"Online Beratung\",\"item\":\"https:\/\/gesundheitsberatung.com\/ernaehrung\/online_berater\/online-beratung\/\"},{\"@type\":\"ListItem\",\"position\":4,\"name\":\"Heilpraktiker\",\"item\":\"https:\/\/gesundheitsberatung.com\/ernaehrung\/online_berater\/heilpraktiker\/\"},{\"@type\":\"ListItem\",\"position\":5,\"name\":\"C. Husingen\"}]},{\"@type\":\"WebSite\",\"@id\":\"https:\/\/gesundheitsberatung.com\/ernaehrung\/#website\",\"url\":\"https:\/\/gesundheitsberatung.com\/ernaehrung\/\",\"name\":\"Ern\u00e4hrung\",\"description\":\"Ern\u00e4hrung \u260e Beratung durch Ern\u00e4hrungsberater! Jetzt Gratis-Beratung sichern: \u2714 \u00c4rzte \u2714 Heilpraktiker \u2714 Weight Coaches \u2714 Ern\u00e4hrungswissenschaftler \u2714 Di\u00e4tassistenten \u2714 Sportern\u00e4hrung bei Vistano Ern\u00e4hrung.\",\"potentialAction\":[{\"@type\":\"SearchAction\",\"target\":{\"@type\":\"EntryPoint\",\"urlTemplate\":\"https:\/\/gesundheitsberatung.com\/ernaehrung\/?s={search_term_string}\"},\"query-input\":{\"@type\":\"PropertyValueSpecification\",\"valueRequired\":true,\"valueName\":\"search_term_string\"}}],\"inLanguage\":\"de\"}]}<\/script>\n<!-- \/ Yoast SEO plugin. -->","yoast_head_json":{"title":"C. Husingen &#187; Heilpraktiker &#187; Vistano \u260e Beratung","description":"Vistano Heilpraktiker &#187; Biete kompetente Ern\u00e4hrungsberatung","robots":{"index":"index","follow":"follow","max-snippet":"max-snippet:-1","max-image-preview":"max-image-preview:large","max-video-preview":"max-video-preview:-1"},"canonical":"https:\/\/gesundheitsberatung.com\/ernaehrung\/online-beratung\/heilpraktiker\/c-husingen\/","og_locale":"de_DE","og_type":"article","og_title":"C. Husingen &#187; Heilpraktiker &#187; Vistano \u260e Beratung","og_description":"Vistano Heilpraktiker &#187; Biete kompetente Ern\u00e4hrungsberatung","og_url":"https:\/\/gesundheitsberatung.com\/ernaehrung\/online-beratung\/heilpraktiker\/c-husingen\/","og_site_name":"Ern\u00e4hrung","article_publisher":"https:\/\/www.facebook.com\/ernaehrung\/","article_modified_time":"2020-01-22T13:26:22+00:00","og_image":[{"width":700,"height":700,"url":"https:\/\/gesundheitsberatung.com\/ernaehrung\/wp-content\/uploads\/sites\/3\/c-husingen-heilpraktiker-vistano-berater-id-5094.jpg","type":"image\/jpeg"}],"twitter_card":"summary_large_image","twitter_site":"@Vistano","schema":{"@context":"https:\/\/schema.org","@graph":[{"@type":"WebPage","@id":"https:\/\/gesundheitsberatung.com\/ernaehrung\/online-beratung\/heilpraktiker\/c-husingen\/","url":"https:\/\/gesundheitsberatung.com\/ernaehrung\/online-beratung\/heilpraktiker\/c-husingen\/","name":"C. Husingen &#187; Heilpraktiker &#187; Vistano \u260e Beratung","isPartOf":{"@id":"https:\/\/gesundheitsberatung.com\/ernaehrung\/#website"},"primaryImageOfPage":{"@id":"https:\/\/gesundheitsberatung.com\/ernaehrung\/online-beratung\/heilpraktiker\/c-husingen\/#primaryimage"},"image":{"@id":"https:\/\/gesundheitsberatung.com\/ernaehrung\/online-beratung\/heilpraktiker\/c-husingen\/#primaryimage"},"thumbnailUrl":"https:\/\/gesundheitsberatung.com\/ernaehrung\/wp-content\/uploads\/sites\/3\/c-husingen-heilpraktiker-vistano-berater-id-5094.jpg","datePublished":"2016-09-26T09:29:21+00:00","dateModified":"2020-01-22T13:26:22+00:00","description":"Vistano Heilpraktiker &#187; Biete kompetente Ern\u00e4hrungsberatung","breadcrumb":{"@id":"https:\/\/gesundheitsberatung.com\/ernaehrung\/online-beratung\/heilpraktiker\/c-husingen\/#breadcrumb"},"inLanguage":"de","potentialAction":[{"@type":"ReadAction","target":["https:\/\/gesundheitsberatung.com\/ernaehrung\/online-beratung\/heilpraktiker\/c-husingen\/"]}]},{"@type":"ImageObject","inLanguage":"de","@id":"https:\/\/gesundheitsberatung.com\/ernaehrung\/online-beratung\/heilpraktiker\/c-husingen\/#primaryimage","url":"https:\/\/gesundheitsberatung.com\/ernaehrung\/wp-content\/uploads\/sites\/3\/c-husingen-heilpraktiker-vistano-berater-id-5094.jpg","contentUrl":"https:\/\/gesundheitsberatung.com\/ernaehrung\/wp-content\/uploads\/sites\/3\/c-husingen-heilpraktiker-vistano-berater-id-5094.jpg","width":700,"height":700,"caption":"Heilpraktiker C. Husingen - Berater-ID: 5094"},{"@type":"BreadcrumbList","@id":"https:\/\/gesundheitsberatung.com\/ernaehrung\/online-beratung\/heilpraktiker\/c-husingen\/#breadcrumb","itemListElement":[{"@type":"ListItem","position":1,"name":"Home","item":"https:\/\/gesundheitsberatung.com\/ernaehrung\/"},{"@type":"ListItem","position":2,"name":"Produkte","item":"https:\/\/gesundheitsberatung.com\/ernaehrung\/shop\/"},{"@type":"ListItem","position":3,"name":"Online Beratung","item":"https:\/\/gesundheitsberatung.com\/ernaehrung\/online_berater\/online-beratung\/"},{"@type":"ListItem","position":4,"name":"Heilpraktiker","item":"https:\/\/gesundheitsberatung.com\/ernaehrung\/online_berater\/heilpraktiker\/"},{"@type":"ListItem","position":5,"name":"C. Husingen"}]},{"@type":"WebSite","@id":"https:\/\/gesundheitsberatung.com\/ernaehrung\/#website","url":"https:\/\/gesundheitsberatung.com\/ernaehrung\/","name":"Ern\u00e4hrung","description":"Ern\u00e4hrung \u260e Beratung durch Ern\u00e4hrungsberater! Jetzt Gratis-Beratung sichern: \u2714 \u00c4rzte \u2714 Heilpraktiker \u2714 Weight Coaches \u2714 Ern\u00e4hrungswissenschaftler \u2714 Di\u00e4tassistenten \u2714 Sportern\u00e4hrung bei Vistano Ern\u00e4hrung.","potentialAction":[{"@type":"SearchAction","target":{"@type":"EntryPoint","urlTemplate":"https:\/\/gesundheitsberatung.com\/ernaehrung\/?s={search_term_string}"},"query-input":{"@type":"PropertyValueSpecification","valueRequired":true,"valueName":"search_term_string"}}],"inLanguage":"de"}]}},"_links":{"self":[{"href":"https:\/\/gesundheitsberatung.com\/ernaehrung\/wp-json\/wp\/v2\/product\/13509","targetHints":{"allow":["GET"]}}],"collection":[{"href":"https:\/\/gesundheitsberatung.com\/ernaehrung\/wp-json\/wp\/v2\/product"}],"about":[{"href":"https:\/\/gesundheitsberatung.com\/ernaehrung\/wp-json\/wp\/v2\/types\/product"}],"replies":[{"embeddable":true,"href":"https:\/\/gesundheitsberatung.com\/ernaehrung\/wp-json\/wp\/v2\/comments?post=13509"}],"wp:featuredmedia":[{"embeddable":true,"href":"https:\/\/gesundheitsberatung.com\/ernaehrung\/wp-json\/wp\/v2\/media\/16326"}],"wp:attachment":[{"href":"https:\/\/gesundheitsberatung.com\/ernaehrung\/wp-json\/wp\/v2\/media?parent=13509"}],"wp:term":[{"taxonomy":"product_cat","embeddable":true,"href":"https:\/\/gesundheitsberatung.com\/ernaehrung\/wp-json\/wp\/v2\/product_cat?post=13509"},{"taxonomy":"product_tag","embeddable":true,"href":"https:\/\/gesundheitsberatung.com\/ernaehrung\/wp-json\/wp\/v2\/product_tag?post=13509"}],"curies":[{"name":"wp","href":"https:\/\/api.w.org\/{rel}","templated":true}]}}